Last updated on 2025-05-03 03:52:01 CEST.
Flavor | Version | Tinstall | Tcheck | Ttotal | Status | Flags |
---|---|---|---|---|---|---|
r-devel-linux-x86_64-debian-clang | 1.2.1 | 3.95 | 50.97 | 54.92 | NOTE | |
r-devel-linux-x86_64-debian-gcc | 1.2.1 | 2.52 | 34.29 | 36.81 | NOTE | |
r-devel-linux-x86_64-fedora-clang | 1.2.1 | 88.80 | OK | |||
r-devel-linux-x86_64-fedora-gcc | 1.2.1 | 83.48 | OK | |||
r-devel-windows-x86_64 | 1.2.1 | 4.00 | 71.00 | 75.00 | OK | |
r-patched-linux-x86_64 | 1.2.1 | 4.43 | 48.86 | 53.29 | OK | |
r-release-linux-x86_64 | OK | |||||
r-release-macos-arm64 | 1.2.1 | 23.00 | OK | |||
r-release-macos-x86_64 | 1.2.1 | 49.00 | OK | |||
r-release-windows-x86_64 | 1.2.1 | 4.00 | 67.00 | 71.00 | OK | |
r-oldrel-macos-arm64 | 1.2.1 | 23.00 | OK | |||
r-oldrel-macos-x86_64 | 1.2.1 | 41.00 | OK | |||
r-oldrel-windows-x86_64 | 1.2.1 | 5.00 | 64.00 | 69.00 | OK |
Version: 1.2.1
Check: CRAN incoming feasibility
Result: NOTE
Maintainer: ‘Thomas Kvalnes <thomas.kvalnes@ntnu.no>’
No Authors@R field in DESCRIPTION.
Please add one, modifying
Authors@R: person(given = "Thomas",
family = "Kvalnes",
role = c("aut", "cre"),
email = "thomas.kvalnes@ntnu.no")
as necessary.
Flavors: r-devel-linux-x86_64-debian-clang, r-devel-linux-x86_64-debian-gcc