Last updated on 2025-11-04 03:50:55 CET.
| Flavor | Version | Tinstall | Tcheck | Ttotal | Status | Flags | 
|---|---|---|---|---|---|---|
| r-devel-linux-x86_64-debian-clang | 0.5.3 | 32.90 | 170.45 | 203.35 | NOTE | |
| r-devel-linux-x86_64-debian-gcc | 0.5.3 | 22.32 | 118.81 | 141.13 | NOTE | |
| r-devel-linux-x86_64-fedora-clang | 0.5.3 | 184.00 | 196.03 | 380.03 | OK | |
| r-devel-linux-x86_64-fedora-gcc | 0.5.3 | 64.00 | 306.30 | 370.30 | OK | |
| r-devel-windows-x86_64 | 0.5.3 | 39.00 | 188.00 | 227.00 | OK | |
| r-patched-linux-x86_64 | 0.5.3 | 34.36 | 163.50 | 197.86 | NOTE | |
| r-release-linux-x86_64 | 0.5.3 | 34.86 | 163.42 | 198.28 | NOTE | |
| r-release-macos-arm64 | 0.5.3 | 19.00 | 108.00 | 127.00 | OK | |
| r-release-macos-x86_64 | 0.5.3 | 17.00 | 133.00 | 150.00 | OK | |
| r-release-windows-x86_64 | 0.5.3 | 39.00 | 185.00 | 224.00 | OK | |
| r-oldrel-macos-arm64 | 0.5.3 | 15.00 | 71.00 | 86.00 | OK | |
| r-oldrel-macos-x86_64 | 0.5.3 | 17.00 | 108.00 | 125.00 | OK | |
| r-oldrel-windows-x86_64 | 0.5.3 | 47.00 | 245.00 | 292.00 | OK | 
Version: 0.5.3
Check: CRAN incoming feasibility
Result: NOTE
  Maintainer: ‘Emil Hvitfeldt <emilhhvitfeldt@gmail.com>’
  
  The Description field contains
    (2016) <arXiv:1602.04938>.
  Please refer to arXiv e-prints via their arXiv DOI <doi:10.48550/arXiv.YYMM.NNNNN>.
Flavors: r-devel-linux-x86_64-debian-clang, r-devel-linux-x86_64-debian-gcc
Version: 0.5.3
Check: for unstated dependencies in ‘demo’
Result: NOTE
  'library' or 'require' calls not declared from:
    ‘data.table’ ‘magrittr’ ‘purrr’
Flavors: r-devel-linux-x86_64-debian-clang, r-devel-linux-x86_64-debian-gcc, r-patched-linux-x86_64, r-release-linux-x86_64