Last updated on 2025-05-02 03:51:13 CEST.
Flavor | Version | Tinstall | Tcheck | Ttotal | Status | Flags |
---|---|---|---|---|---|---|
r-devel-linux-x86_64-debian-clang | 0.5.0 | 10.80 | 176.92 | 187.72 | NOTE | |
r-devel-linux-x86_64-debian-gcc | 0.5.0 | 7.08 | 126.86 | 133.94 | OK | |
r-devel-linux-x86_64-fedora-clang | 0.5.0 | 275.79 | OK | |||
r-devel-linux-x86_64-fedora-gcc | 0.5.0 | 276.01 | OK | |||
r-devel-windows-x86_64 | 0.5.0 | 11.00 | 174.00 | 185.00 | OK | |
r-patched-linux-x86_64 | 0.5.0 | 10.42 | 168.73 | 179.15 | OK | |
r-release-linux-x86_64 | OK | |||||
r-release-macos-arm64 | 0.5.0 | 90.00 | OK | |||
r-release-macos-x86_64 | 0.5.0 | 151.00 | OK | |||
r-release-windows-x86_64 | 0.5.0 | 12.00 | 186.00 | 198.00 | OK | |
r-oldrel-macos-arm64 | 0.5.0 | 95.00 | OK | |||
r-oldrel-macos-x86_64 | 0.5.0 | 147.00 | OK | |||
r-oldrel-windows-x86_64 | 0.5.0 | 13.00 | 224.00 | 237.00 | OK |
Version: 0.5.0
Check: examples
Result: NOTE
Examples with CPU (user + system) or elapsed time > 5s
user system elapsed
grid_arrange_shared_legend 3.977 0.008 5.180
coord_flex 3.477 0.177 5.192
Flavor: r-devel-linux-x86_64-debian-clang