Last updated on 2025-07-21 03:50:30 CEST.
Flavor | Version | Tinstall | Tcheck | Ttotal | Status | Flags |
---|---|---|---|---|---|---|
r-devel-linux-x86_64-debian-clang | 0.4.3.1 | 13.18 | 114.26 | 127.44 | NOTE | |
r-devel-linux-x86_64-debian-gcc | 0.4.3.1 | 6.19 | 89.18 | 95.37 | ERROR | |
r-devel-linux-x86_64-fedora-clang | 0.4.3.1 | 220.16 | OK | |||
r-devel-linux-x86_64-fedora-gcc | 0.4.3.1 | 225.79 | OK | |||
r-devel-windows-x86_64 | 0.4.3.1 | 104.00 | 1548.00 | 1652.00 | OK | |
r-patched-linux-x86_64 | 0.4.3.1 | 9.02 | 109.84 | 118.86 | OK | |
r-release-linux-x86_64 | 0.4.3.1 | 8.76 | 110.09 | 118.85 | OK | |
r-release-macos-arm64 | 0.4.3.1 | 86.00 | OK | |||
r-release-macos-x86_64 | 0.4.3.1 | 144.00 | OK | |||
r-release-windows-x86_64 | 0.4.3.1 | 109.00 | 801.00 | 910.00 | OK | |
r-oldrel-macos-arm64 | 0.4.3.1 | 64.00 | NOTE | |||
r-oldrel-macos-x86_64 | 0.4.3.1 | 96.00 | NOTE | |||
r-oldrel-windows-x86_64 | 0.4.3.1 | 65.00 | 468.00 | 533.00 | NOTE |
Version: 0.4.3.1
Check: CRAN incoming feasibility
Result: NOTE
Maintainer: ‘S. Thomas Kelly <tomkellygenetics@gmail.com>’
The Description field contains
to Leiden: guaranteeing well-connected communities. <arXiv:1810.08473>.
Please refer to arXiv e-prints via their arXiv DOI <doi:10.48550/arXiv.YYMM.NNNNN>.
Flavors: r-devel-linux-x86_64-debian-clang, r-devel-linux-x86_64-debian-gcc
Version: 0.4.3.1
Check: whether the package can be loaded
Result: ERROR
Unable to set up conda environment r-reticulate
run in terminal:
conda init
conda create -n r-reticulate
conda environment r-reticulate installed
Unable to install python modules igraph and leidenalg
run in terminal:
conda install -n r-reticulate -c conda-forge leidenalg python-igraph pandas umap-learn
python modules igraph and leidenalg installed
Error in python_config_impl(python) :
Error running '/tmp/check-CRAN-regular-hornik/cache/R/reticulate/uv/cache/builds-v0/.tmp0YsfN2/bin/python': No such file.
In addition: Warning message:
In normalizePath(python_home) :
path[1]="/tmp/check-CRAN-regular-hornik/cache/R/reticulate/uv/cache/builds-v0/.tmp0YsfN2/bin": No such file or directory
Error in python_config_impl(python) :
Error running '/tmp/check-CRAN-regular-hornik/cache/R/reticulate/uv/cache/builds-v0/.tmpvTIZ6x/bin/python': No such file.
In addition: Warning message:
In normalizePath(python_home) :
path[1]="/tmp/check-CRAN-regular-hornik/cache/R/reticulate/uv/cache/builds-v0/.tmpvTIZ6x/bin": No such file or directory
It looks like this package has a loading problem: see the messages for
details.
Flavor: r-devel-linux-x86_64-debian-gcc
Version: 0.4.3.1
Check: whether the package can be loaded with stated dependencies
Result: WARN
Unable to set up conda environment r-reticulate
run in terminal:
conda init
conda create -n r-reticulate
conda environment r-reticulate installed
Unable to install python modules igraph and leidenalg
run in terminal:
conda install -n r-reticulate -c conda-forge leidenalg python-igraph pandas umap-learn
python modules igraph and leidenalg installed
Error in python_config_impl(python) :
Error running '/tmp/check-CRAN-regular-hornik/cache/R/reticulate/uv/cache/builds-v0/.tmpGXH0Rk/bin/python': No such file.
In addition: Warning message:
In normalizePath(python_home) :
path[1]="/tmp/check-CRAN-regular-hornik/cache/R/reticulate/uv/cache/builds-v0/.tmpGXH0Rk/bin": No such file or directory
Error in python_config_impl(python) :
Error running '/tmp/check-CRAN-regular-hornik/cache/R/reticulate/uv/cache/builds-v0/.tmpnfPzgO/bin/python': No such file.
In addition: Warning message:
In normalizePath(python_home) :
path[1]="/tmp/check-CRAN-regular-hornik/cache/R/reticulate/uv/cache/builds-v0/.tmpnfPzgO/bin": No such file or directory
It looks like this package (or one of its dependent packages) has an
unstated dependence on a standard package. All dependencies must be
declared in DESCRIPTION.
See section ‘The DESCRIPTION file’ in the ‘Writing R Extensions’
manual.
Flavor: r-devel-linux-x86_64-debian-gcc
Version: 0.4.3.1
Check: whether the package can be unloaded cleanly
Result: WARN
---- unloading
Flavor: r-devel-linux-x86_64-debian-gcc
Version: 0.4.3.1
Check: loading without being on the library search path
Result: WARN
Unable to set up conda environment r-reticulate
run in terminal:
conda init
conda create -n r-reticulate
conda environment r-reticulate installed
Unable to install python modules igraph and leidenalg
run in terminal:
conda install -n r-reticulate -c conda-forge leidenalg python-igraph pandas umap-learn
python modules igraph and leidenalg installed
Error in python_config_impl(python) :
Error running '/tmp/check-CRAN-regular-hornik/cache/R/reticulate/uv/cache/builds-v0/.tmpygfDqn/bin/python': No such file.
In addition: Warning message:
In normalizePath(python_home) :
path[1]="/tmp/check-CRAN-regular-hornik/cache/R/reticulate/uv/cache/builds-v0/.tmpygfDqn/bin": No such file or directory
Error in python_config_impl(python) :
Error running '/tmp/check-CRAN-regular-hornik/cache/R/reticulate/uv/cache/builds-v0/.tmpOOmhKe/bin/python': No such file.
In addition: Warning message:
In normalizePath(python_home) :
path[1]="/tmp/check-CRAN-regular-hornik/cache/R/reticulate/uv/cache/builds-v0/.tmpOOmhKe/bin": No such file or directory
It looks like this package has a loading problem when not on .libPaths:
see the messages for details.
Flavor: r-devel-linux-x86_64-debian-gcc
Version: 0.4.3.1
Check: whether startup messages can be suppressed
Result: NOTE
Error in python_config_impl(python) :
Error running '/tmp/check-CRAN-regular-hornik/cache/R/reticulate/uv/cache/builds-v0/.tmpqaFAMB/bin/python': No such file.
Error in python_config_impl(python) :
Error running '/tmp/check-CRAN-regular-hornik/cache/R/reticulate/uv/cache/builds-v0/.tmpfVxE9O/bin/python': No such file.
It looks like this package (or a package it requires) has a startup
message which cannot be suppressed: see ?packageStartupMessage.
Flavor: r-devel-linux-x86_64-debian-gcc
Version: 0.4.3.1
Check: installed package size
Result: NOTE
installed size is 5.5Mb
sub-directories of 1Mb or more:
doc 5.3Mb
Flavors: r-oldrel-macos-arm64, r-oldrel-macos-x86_64, r-oldrel-windows-x86_64