CRAN Package Check Results for Package legion

Last updated on 2025-05-02 03:51:13 CEST.

Flavor Version Tinstall Tcheck Ttotal Status Flags
r-devel-linux-x86_64-debian-clang 0.2.1 55.05 472.74 527.79 NOTE
r-devel-linux-x86_64-debian-gcc 0.2.1 42.29 295.10 337.39 OK
r-devel-linux-x86_64-fedora-clang 0.2.1 829.94 OK
r-devel-linux-x86_64-fedora-gcc 0.2.1 831.73 OK
r-devel-windows-x86_64 0.2.1 64.00 349.00 413.00 OK
r-patched-linux-x86_64 0.2.1 60.61 465.39 526.00 OK
r-release-linux-x86_64 OK
r-release-macos-arm64 0.2.1 308.00 OK
r-release-macos-x86_64 0.2.1 525.00 OK
r-release-windows-x86_64 0.2.1 64.00 373.00 437.00 OK
r-oldrel-macos-arm64 0.2.1 172.00 NOTE
r-oldrel-macos-x86_64 0.2.1 329.00 NOTE
r-oldrel-windows-x86_64 0.2.1 74.00 547.00 621.00 NOTE

Check Details

Version: 0.2.1
Check: examples
Result: NOTE Examples with CPU (user + system) or elapsed time > 5s user system elapsed ves 8.02 0.006 8.779 Flavor: r-devel-linux-x86_64-debian-clang

Version: 0.2.1
Check: installed package size
Result: NOTE installed size is 6.0Mb sub-directories of 1Mb or more: libs 4.9Mb Flavors: r-oldrel-macos-arm64, r-oldrel-macos-x86_64

Version: 0.2.1
Check: package dependencies
Result: NOTE Package suggested but not available for checking: 'doMC' Flavor: r-oldrel-windows-x86_64