Last updated on 2025-05-03 03:52:01 CEST.
Flavor | Version | Tinstall | Tcheck | Ttotal | Status | Flags |
---|---|---|---|---|---|---|
r-devel-linux-x86_64-debian-clang | 1.0.0 | 63.85 | 30.76 | 94.61 | OK | |
r-devel-linux-x86_64-debian-gcc | 1.0.0 | 56.38 | 29.61 | 85.99 | OK | |
r-devel-linux-x86_64-fedora-clang | 1.0.0 | 167.80 | OK | |||
r-devel-linux-x86_64-fedora-gcc | 1.0.0 | 180.52 | OK | |||
r-devel-windows-x86_64 | 1.0.0 | 65.00 | 77.00 | 142.00 | OK | |
r-patched-linux-x86_64 | 1.0.0 | 75.65 | 35.61 | 111.26 | OK | |
r-release-linux-x86_64 | OK | |||||
r-release-macos-arm64 | 1.0.0 | 47.00 | OK | |||
r-release-macos-x86_64 | 1.0.0 | 108.00 | OK | |||
r-release-windows-x86_64 | 1.0.0 | 67.00 | 74.00 | 141.00 | OK | |
r-oldrel-macos-arm64 | 1.0.0 | 51.00 | NOTE | |||
r-oldrel-macos-x86_64 | 1.0.0 | 87.00 | NOTE | |||
r-oldrel-windows-x86_64 | 1.0.0 | 76.00 | 86.00 | 162.00 | OK |
Version: 1.0.0
Check: installed package size
Result: NOTE
installed size is 38.2Mb
sub-directories of 1Mb or more:
libs 37.8Mb
Flavors: r-oldrel-macos-arm64, r-oldrel-macos-x86_64