Last updated on 2025-07-16 03:50:34 CEST.
Flavor | Version | Tinstall | Tcheck | Ttotal | Status | Flags |
---|---|---|---|---|---|---|
r-devel-linux-x86_64-debian-clang | 0.3.5 | 29.14 | 254.17 | 283.31 | NOTE | |
r-devel-linux-x86_64-debian-gcc | 0.3.5 | 20.14 | 159.43 | 179.57 | NOTE | |
r-devel-linux-x86_64-fedora-clang | 0.3.5 | 441.04 | NOTE | |||
r-devel-linux-x86_64-fedora-gcc | 0.3.5 | 420.89 | NOTE | |||
r-devel-windows-x86_64 | 0.3.5 | 23.00 | 200.00 | 223.00 | NOTE | |
r-patched-linux-x86_64 | 0.3.5 | 27.22 | 238.05 | 265.27 | NOTE | |
r-release-linux-x86_64 | 0.3.5 | 24.33 | 239.19 | 263.52 | NOTE | |
r-release-macos-arm64 | 0.3.5 | 103.00 | NOTE | |||
r-release-macos-x86_64 | 0.3.5 | 205.00 | NOTE | |||
r-release-windows-x86_64 | 0.3.5 | 25.00 | 212.00 | 237.00 | NOTE | |
r-oldrel-macos-arm64 | 0.3.5 | 88.00 | NOTE | |||
r-oldrel-macos-x86_64 | 0.3.5 | 156.00 | NOTE | |||
r-oldrel-windows-x86_64 | 0.3.5 | 36.00 | 268.00 | 304.00 | NOTE |
Version: 0.3.5
Check: package subdirectories
Result: NOTE
Problems with news in ‘NEWS.md’:
Cannot extract version info from the following section titles:
light.interception.voxels() - This function create the Fraction absorbed incident light
light.interception.raster() - Create a raster of Fraction absorbed incident light
light.incident.voxels() - This function create the Fraction incident light
light.incident.raster() - Create a raster of the Fraction incident light
Flavors: r-devel-linux-x86_64-debian-clang, r-devel-linux-x86_64-debian-gcc, r-devel-linux-x86_64-fedora-clang, r-devel-linux-x86_64-fedora-gcc, r-devel-windows-x86_64, r-patched-linux-x86_64, r-release-linux-x86_64, r-release-macos-arm64, r-release-macos-x86_64, r-release-windows-x86_64, r-oldrel-macos-arm64, r-oldrel-macos-x86_64, r-oldrel-windows-x86_64