Last updated on 2025-11-15 03:50:16 CET.
| Flavor | Version | Tinstall | Tcheck | Ttotal | Status | Flags |
|---|---|---|---|---|---|---|
| r-devel-linux-x86_64-debian-clang | 0.5.3 | 344.55 | 80.04 | 424.59 | OK | |
| r-devel-linux-x86_64-debian-gcc | 0.5.3 | 231.08 | 57.08 | 288.16 | OK | |
| r-devel-linux-x86_64-fedora-clang | 0.5.3 | 1080.00 | -164.66 | 915.34 | OK | |
| r-devel-linux-x86_64-fedora-gcc | 0.5.3 | 559.00 | 241.17 | 800.17 | OK | |
| r-devel-windows-x86_64 | 0.5.3 | 459.00 | 146.00 | 605.00 | OK | |
| r-patched-linux-x86_64 | 0.5.3 | 348.97 | 74.88 | 423.85 | OK | |
| r-release-linux-x86_64 | 0.5.3 | 351.65 | 75.62 | 427.27 | OK | |
| r-release-macos-arm64 | 0.5.3 | 121.00 | 59.00 | 180.00 | OK | |
| r-release-macos-x86_64 | 0.5.3 | 93.00 | 97.00 | 190.00 | OK | |
| r-release-windows-x86_64 | 0.5.3 | 422.00 | 156.00 | 578.00 | OK | |
| r-oldrel-macos-arm64 | 0.5.3 | 142.00 | 66.00 | 208.00 | NOTE | |
| r-oldrel-macos-x86_64 | 0.5.3 | 88.00 | 156.00 | 244.00 | NOTE | |
| r-oldrel-windows-x86_64 | 0.5.3 | 512.00 | 181.00 | 693.00 | OK |
Version: 0.5.3
Check: installed package size
Result: NOTE
installed size is 26.2Mb
sub-directories of 1Mb or more:
libs 24.8Mb
Flavors: r-oldrel-macos-arm64, r-oldrel-macos-x86_64