Last updated on 2025-11-20 03:50:14 CET.
| Flavor | Version | Tinstall | Tcheck | Ttotal | Status | Flags |
|---|---|---|---|---|---|---|
| r-devel-linux-x86_64-debian-clang | 0.2-2 | 28.55 | 63.37 | 91.92 | NOTE | |
| r-devel-linux-x86_64-debian-gcc | 0.2-2 | 18.79 | 44.89 | 63.68 | NOTE | |
| r-devel-linux-x86_64-fedora-clang | 0.2-2 | 66.00 | 103.88 | 169.88 | NOTE | |
| r-devel-linux-x86_64-fedora-gcc | 0.2-2 | 51.00 | 111.24 | 162.24 | NOTE | |
| r-devel-windows-x86_64 | 0.2-2 | 46.00 | 104.00 | 150.00 | NOTE | |
| r-patched-linux-x86_64 | 0.2-2 | 30.51 | 58.26 | 88.77 | NOTE | |
| r-release-linux-x86_64 | 0.2-2 | 27.62 | 58.94 | 86.56 | NOTE | |
| r-release-macos-arm64 | 0.2-2 | NOTE | ||||
| r-release-macos-x86_64 | 0.2-2 | 18.00 | 73.00 | 91.00 | NOTE | |
| r-release-windows-x86_64 | 0.2-2 | 36.00 | 107.00 | 143.00 | NOTE | |
| r-oldrel-macos-arm64 | 0.2-2 | OK | ||||
| r-oldrel-macos-x86_64 | 0.2-2 | 20.00 | 122.00 | 142.00 | OK | |
| r-oldrel-windows-x86_64 | 0.2-2 | 44.00 | 131.00 | 175.00 | OK |
Version: 0.2-2
Check: DESCRIPTION meta-information
Result: NOTE
Missing dependency on R >= 4.1.0 because package code uses the pipe
|> or function shorthand \(...) syntax added in R 4.1.0.
File(s) using such syntax:
‘00methods.R’ ‘creg_datalist.R’ ‘creg_input.R’ ‘creg_partable.R’
‘creg_startvals.r’
Flavors: r-devel-linux-x86_64-debian-clang, r-devel-linux-x86_64-debian-gcc, r-devel-linux-x86_64-fedora-clang, r-devel-linux-x86_64-fedora-gcc, r-devel-windows-x86_64, r-patched-linux-x86_64, r-release-linux-x86_64, r-release-macos-arm64, r-release-macos-x86_64, r-release-windows-x86_64