Last updated on 2025-05-18 03:50:21 CEST.
Flavor | Version | Tinstall | Tcheck | Ttotal | Status | Flags |
---|---|---|---|---|---|---|
r-devel-linux-x86_64-debian-clang | 2.2.1 | 90.91 | 250.09 | 341.00 | OK | |
r-devel-linux-x86_64-debian-gcc | 2.2.1 | 62.22 | 166.42 | 228.64 | OK | |
r-devel-linux-x86_64-fedora-clang | 2.2.1 | 617.93 | OK | |||
r-devel-linux-x86_64-fedora-gcc | 2.2.1 | 573.39 | OK | |||
r-devel-windows-x86_64 | 2.2.1 | 113.00 | 298.00 | 411.00 | OK | |
r-patched-linux-x86_64 | 2.2.1 | 92.66 | 230.77 | 323.43 | OK | |
r-release-linux-x86_64 | 2.2.1 | 84.56 | 231.68 | 316.24 | OK | |
r-release-macos-arm64 | 2.2.1 | 181.00 | OK | |||
r-release-macos-x86_64 | 2.2.1 | 318.00 | OK | |||
r-release-windows-x86_64 | 2.2.1 | 107.00 | 319.00 | 426.00 | OK | |
r-oldrel-macos-arm64 | 2.2.1 | 138.00 | NOTE | |||
r-oldrel-macos-x86_64 | 2.2.1 | 316.00 | NOTE | |||
r-oldrel-windows-x86_64 | 2.2.1 | 125.00 | 377.00 | 502.00 | OK |
Version: 2.2.1
Check: installed package size
Result: NOTE
installed size is 5.5Mb
sub-directories of 1Mb or more:
libs 3.8Mb
Flavors: r-oldrel-macos-arm64, r-oldrel-macos-x86_64