Last updated on 2025-05-05 03:50:24 CEST.
Flavor | Version | Tinstall | Tcheck | Ttotal | Status | Flags |
---|---|---|---|---|---|---|
r-devel-linux-x86_64-debian-clang | 0.0.1 | 2.35 | 36.22 | 38.57 | OK | |
r-devel-linux-x86_64-debian-gcc | 0.0.1 | 1.80 | 26.98 | 28.78 | OK | |
r-devel-linux-x86_64-fedora-clang | 0.0.1 | 59.61 | NOTE | |||
r-devel-linux-x86_64-fedora-gcc | 0.0.1 | 59.51 | NOTE | |||
r-devel-windows-x86_64 | 0.0.1 | 4.00 | 58.00 | 62.00 | OK | |
r-patched-linux-x86_64 | 0.0.1 | 2.93 | 33.36 | 36.29 | OK | |
r-release-linux-x86_64 | 0.0.1 | 2.67 | 33.06 | 35.73 | OK | |
r-release-macos-arm64 | 0.0.1 | 20.00 | OK | |||
r-release-macos-x86_64 | 0.0.1 | 37.00 | OK | |||
r-release-windows-x86_64 | 0.0.1 | 5.00 | 59.00 | 64.00 | OK | |
r-oldrel-macos-arm64 | 0.0.1 | 22.00 | OK | |||
r-oldrel-macos-x86_64 | 0.0.1 | 54.00 | OK | |||
r-oldrel-windows-x86_64 | 0.0.1 | 6.00 | 64.00 | 70.00 | OK |
Version: 0.0.1
Check: dependencies in R code
Result: NOTE
Namespaces in Imports field not imported from:
‘bslib’ ‘ggplot2’ ‘shinydashboard’
All declared Imports should be used.
Flavors: r-devel-linux-x86_64-fedora-clang, r-devel-linux-x86_64-fedora-gcc