Last updated on 2025-05-02 03:51:12 CEST.
Flavor | Version | Tinstall | Tcheck | Ttotal | Status | Flags |
---|---|---|---|---|---|---|
r-devel-linux-x86_64-debian-clang | 1.5-9 | 14.39 | 65.51 | 79.90 | NOTE | --no-vignettes |
r-devel-linux-x86_64-debian-gcc | 1.5-9 | 10.84 | 47.13 | 57.97 | NOTE | --no-vignettes |
r-devel-linux-x86_64-fedora-clang | 1.5-9 | 126.39 | OK | --no-vignettes | ||
r-devel-linux-x86_64-fedora-gcc | 1.5-9 | 132.68 | OK | --no-vignettes | ||
r-devel-windows-x86_64 | 1.5-9 | 23.00 | 127.00 | 150.00 | OK | --no-vignettes |
r-patched-linux-x86_64 | 1.5-9 | 16.19 | 65.22 | 81.41 | OK | --no-vignettes |
r-release-linux-x86_64 | OK | --no-vignettes | ||||
r-release-macos-arm64 | 1.5-9 | 48.00 | OK | --no-vignettes | ||
r-release-macos-x86_64 | 1.5-9 | 90.00 | OK | --no-vignettes | ||
r-release-windows-x86_64 | 1.5-9 | 24.00 | 126.00 | 150.00 | OK | --no-vignettes |
r-oldrel-macos-arm64 | 1.5-9 | 44.00 | OK | --no-vignettes | ||
r-oldrel-macos-x86_64 | 1.5-9 | 60.00 | OK | --no-vignettes | ||
r-oldrel-windows-x86_64 | 1.5-9 | 26.00 | 122.00 | 148.00 | OK | --no-vignettes |
Version: 1.5-9
Flags: --no-vignettes
Check: CRAN incoming feasibility
Result: NOTE
Maintainer: ‘Robert B. Gramacy <rbg@vt.edu>’
No Authors@R field in DESCRIPTION.
Please add one, modifying
Authors@R: c(person(given = c("Robert", "B."),
family = "Gramacy",
role = c("aut", "cre"),
email = "rbg@vt.edu"),
person(given = "Furong",
family = "Sun",
role = "aut",
email = "furongs@vt.edu"))
as necessary.
Flavors: r-devel-linux-x86_64-debian-clang, r-devel-linux-x86_64-debian-gcc
Version: 1.5-9
Flags: --no-vignettes
Check: examples
Result: NOTE
Examples with CPU (user + system) or elapsed time > 5s
user system elapsed
alcGP 6.675 0.288 8.121
aGP 3.662 0.055 5.255
Flavor: r-devel-linux-x86_64-debian-clang