Last updated on 2025-05-06 03:51:06 CEST.
Flavor | Version | Tinstall | Tcheck | Ttotal | Status | Flags |
---|---|---|---|---|---|---|
r-devel-linux-x86_64-debian-clang | 0.99.6 | 30.99 | 116.54 | 147.53 | NOTE | |
r-devel-linux-x86_64-debian-gcc | 0.99.6 | 22.30 | 81.89 | 104.19 | NOTE | |
r-devel-linux-x86_64-fedora-clang | 0.99.6 | 232.45 | NOTE | |||
r-devel-linux-x86_64-fedora-gcc | 0.99.6 | 227.31 | NOTE | |||
r-devel-windows-x86_64 | 0.99.6 | 35.00 | 131.00 | 166.00 | NOTE | |
r-patched-linux-x86_64 | 0.99.6 | 27.30 | 106.64 | 133.94 | NOTE | |
r-release-linux-x86_64 | 0.99.6 | 27.91 | 109.19 | 137.10 | NOTE | |
r-release-macos-arm64 | 0.99.6 | 58.00 | NOTE | |||
r-release-macos-x86_64 | 0.99.6 | 107.00 | NOTE | |||
r-release-windows-x86_64 | 0.99.6 | 34.00 | 126.00 | 160.00 | NOTE | |
r-oldrel-macos-arm64 | 0.99.6 | 56.00 | NOTE | |||
r-oldrel-macos-x86_64 | 0.99.6 | 86.00 | NOTE | |||
r-oldrel-windows-x86_64 | 0.99.6 | 45.00 | 160.00 | 205.00 | NOTE |
Version: 0.99.6
Check: Rd files
Result: NOTE
checkRd: (-1) CreateDataSet.Rd:23: Lost braces in \itemize; \value handles \item{}{} directly
checkRd: (-1) CreateDataSet.Rd:24: Lost braces in \itemize; \value handles \item{}{} directly
checkRd: (-1) CreateDataSet.Rd:25: Lost braces in \itemize; \value handles \item{}{} directly
checkRd: (-1) FindElement.Rd:21: Lost braces in \itemize; \value handles \item{}{} directly
checkRd: (-1) FindElement.Rd:22: Lost braces in \itemize; \value handles \item{}{} directly
checkRd: (-1) FindNbrClusters.Rd:21: Lost braces in \itemize; \value handles \item{}{} directly
checkRd: (-1) FindNbrClusters.Rd:22: Lost braces in \itemize; \value handles \item{}{} directly
checkRd: (-1) FindStructure.Rd:15: Lost braces in \itemize; \value handles \item{}{} directly
checkRd: (-1) FindStructure.Rd:16: Lost braces in \itemize; \value handles \item{}{} directly
checkRd: (-1) l1_spectralclustering.Rd:32: Lost braces in \itemize; \value handles \item{}{} directly
checkRd: (-1) l1_spectralclustering.Rd:33: Lost braces in \itemize; \value handles \item{}{} directly
checkRd: (-1) l1_spectralclustering.Rd:34: Lost braces in \itemize; \value handles \item{}{} directly
checkRd: (-1) l1_spectralclustering.Rd:35: Lost braces in \itemize; \value handles \item{}{} directly
Flavors: r-devel-linux-x86_64-debian-clang, r-devel-linux-x86_64-debian-gcc, r-devel-linux-x86_64-fedora-clang, r-devel-linux-x86_64-fedora-gcc, r-devel-windows-x86_64, r-patched-linux-x86_64, r-release-linux-x86_64, r-release-macos-arm64, r-release-macos-x86_64, r-release-windows-x86_64, r-oldrel-macos-arm64, r-oldrel-macos-x86_64, r-oldrel-windows-x86_64