Last updated on 2025-05-18 03:50:21 CEST.
Flavor | Version | Tinstall | Tcheck | Ttotal | Status | Flags |
---|---|---|---|---|---|---|
r-devel-linux-x86_64-debian-clang | 0.1.1 | 10.26 | 21.31 | 31.57 | NOTE | |
r-devel-linux-x86_64-debian-gcc | 0.1.1 | 10.03 | 17.33 | 27.36 | NOTE | |
r-devel-linux-x86_64-fedora-clang | 0.1.1 | 56.33 | OK | |||
r-devel-linux-x86_64-fedora-gcc | 0.1.1 | 62.98 | OK | |||
r-devel-windows-x86_64 | 0.1.1 | 17.00 | 67.00 | 84.00 | OK | |
r-patched-linux-x86_64 | 0.1.1 | 13.34 | 20.09 | 33.43 | OK | |
r-release-linux-x86_64 | 0.1.1 | 13.14 | 20.27 | 33.41 | OK | |
r-release-macos-arm64 | 0.1.1 | 24.00 | OK | |||
r-release-macos-x86_64 | 0.1.1 | 35.00 | OK | |||
r-release-windows-x86_64 | 0.1.1 | 16.00 | 90.00 | 106.00 | OK | |
r-oldrel-macos-arm64 | 0.1.1 | 22.00 | OK | |||
r-oldrel-macos-x86_64 | 0.1.1 | 29.00 | OK | |||
r-oldrel-windows-x86_64 | 0.1.1 | 19.00 | 77.00 | 96.00 | OK |
Version: 0.1.1
Check: CRAN incoming feasibility
Result: NOTE
Maintainer: ‘Thoralf Mildenberger <mild@zhaw.ch>’
The Description field contains
<arXiv:2308.13383>.
Please refer to arXiv e-prints via their arXiv DOI <doi:10.48550/arXiv.YYMM.NNNNN>.
Flavors: r-devel-linux-x86_64-debian-clang, r-devel-linux-x86_64-debian-gcc