Last updated on 2025-05-04 03:50:57 CEST.
Flavor | Version | Tinstall | Tcheck | Ttotal | Status | Flags |
---|---|---|---|---|---|---|
r-devel-linux-x86_64-debian-clang | 0.1.4 | 1.92 | 18.24 | 20.16 | NOTE | |
r-devel-linux-x86_64-debian-gcc | 0.1.4 | 1.22 | 15.04 | 16.26 | NOTE | |
r-devel-linux-x86_64-fedora-clang | 0.1.4 | 31.12 | OK | |||
r-devel-linux-x86_64-fedora-gcc | 0.1.4 | 30.15 | OK | |||
r-devel-windows-x86_64 | 0.1.4 | 3.00 | 38.00 | 41.00 | OK | |
r-patched-linux-x86_64 | 0.1.4 | 1.87 | 17.50 | 19.37 | OK | |
r-release-linux-x86_64 | OK | |||||
r-release-macos-arm64 | 0.1.4 | 16.00 | OK | |||
r-release-macos-x86_64 | 0.1.4 | 24.00 | OK | |||
r-release-windows-x86_64 | 0.1.4 | 3.00 | 41.00 | 44.00 | OK | |
r-oldrel-macos-arm64 | 0.1.4 | 15.00 | OK | |||
r-oldrel-macos-x86_64 | 0.1.4 | 20.00 | OK | |||
r-oldrel-windows-x86_64 | 0.1.4 | 2.00 | 37.00 | 39.00 | OK |
Version: 0.1.4
Check: CRAN incoming feasibility
Result: NOTE
Maintainer: ‘Hoseung Song <hosong@ucdavis.edu>’
The Description field contains
<arXiv:2011.06127>.
Please refer to arXiv e-prints via their arXiv DOI <doi:10.48550/arXiv.YYMM.NNNNN>.
Flavors: r-devel-linux-x86_64-debian-clang, r-devel-linux-x86_64-debian-gcc