CRAN Package Check Results for Package kendallRandomWalks

Last updated on 2025-07-16 03:50:33 CEST.

Flavor Version Tinstall Tcheck Ttotal Status Flags
r-devel-linux-x86_64-debian-clang 0.9.4 6.08 138.84 144.92 NOTE
r-devel-linux-x86_64-debian-gcc 0.9.4 3.96 85.09 89.05 NOTE
r-devel-linux-x86_64-fedora-clang 0.9.4 224.33 OK
r-devel-linux-x86_64-fedora-gcc 0.9.4 241.17 OK
r-devel-windows-x86_64 0.9.4 8.00 130.00 138.00 OK
r-patched-linux-x86_64 0.9.4 5.92 125.82 131.74 OK
r-release-linux-x86_64 0.9.4 5.52 126.67 132.19 OK
r-release-macos-arm64 0.9.4 84.00 OK
r-release-macos-x86_64 0.9.4 116.00 OK
r-release-windows-x86_64 0.9.4 7.00 138.00 145.00 OK
r-oldrel-macos-arm64 0.9.4 56.00 NOTE
r-oldrel-macos-x86_64 0.9.4 95.00 NOTE
r-oldrel-windows-x86_64 0.9.4 10.00 173.00 183.00 NOTE

Check Details

Version: 0.9.4
Check: CRAN incoming feasibility
Result: NOTE Maintainer: ‘Mateusz Staniak <mateusz.staniak@math.uni.wroc.pl>’ The Description field contains Jasiulis-Gołdyn (2014) <arXiv:1412.0220>. Please refer to arXiv e-prints via their arXiv DOI <doi:10.48550/arXiv.YYMM.NNNNN>. Flavors: r-devel-linux-x86_64-debian-clang, r-devel-linux-x86_64-debian-gcc

Version: 0.9.4
Check: LazyData
Result: NOTE 'LazyData' is specified without a 'data' directory Flavors: r-oldrel-macos-arm64, r-oldrel-macos-x86_64, r-oldrel-windows-x86_64