CRAN Package Check Results for Package karaoke

Last updated on 2025-05-18 03:50:21 CEST.

Flavor Version Tinstall Tcheck Ttotal Status Flags
r-devel-linux-x86_64-debian-clang 2.0 2.28 28.22 30.50 NOTE
r-devel-linux-x86_64-debian-gcc 2.0 2.12 21.21 23.33 NOTE
r-devel-linux-x86_64-fedora-clang 2.0 48.36 OK
r-devel-linux-x86_64-fedora-gcc 2.0 47.02 OK
r-devel-windows-x86_64 2.0 3.00 46.00 49.00 OK
r-patched-linux-x86_64 2.0 2.41 26.63 29.04 OK
r-release-linux-x86_64 2.0 2.69 27.04 29.73 OK
r-release-macos-arm64 2.0 18.00 OK
r-release-macos-x86_64 2.0 31.00 OK
r-release-windows-x86_64 2.0 4.00 51.00 55.00 OK
r-oldrel-macos-arm64 2.0 19.00 OK
r-oldrel-macos-x86_64 2.0 28.00 OK
r-oldrel-windows-x86_64 2.0 5.00 52.00 57.00 OK

Check Details

Version: 2.0
Check: CRAN incoming feasibility
Result: NOTE Maintainer: ‘John R. Dixon <gbm2sas@gmail.com>’ No Authors@R field in DESCRIPTION. Please add one, modifying Authors@R: person(given = c("John", "R."), family = "Dixon", role = c("aut", "cre"), email = "gbm2sas@gmail.com") as necessary. Flavors: r-devel-linux-x86_64-debian-clang, r-devel-linux-x86_64-debian-gcc