CRAN Package Check Results for Package jrich

Last updated on 2025-10-01 03:50:43 CEST.

Flavor Version Tinstall Tcheck Ttotal Status Flags
r-devel-linux-x86_64-debian-clang 0.60-35 3.00 38.49 41.49 NOTE
r-devel-linux-x86_64-debian-gcc 0.60-35 2.44 28.97 31.41 NOTE
r-devel-linux-x86_64-fedora-clang 0.60-35 64.48 OK
r-devel-linux-x86_64-fedora-gcc 0.60-35 57.64 OK
r-devel-windows-x86_64 0.60-35 5.00 56.00 61.00 OK
r-patched-linux-x86_64 0.60-35 3.05 36.28 39.33 OK
r-release-linux-x86_64 0.60-35 2.91 36.15 39.06 OK
r-release-macos-arm64 0.60-35 25.00 OK
r-release-macos-x86_64 0.60-35 44.00 OK
r-release-windows-x86_64 0.60-35 5.00 56.00 61.00 OK
r-oldrel-macos-arm64 0.60-35 23.00 OK
r-oldrel-macos-x86_64 0.60-35 32.00 OK
r-oldrel-windows-x86_64 0.60-35 6.00 65.00 71.00 OK

Check Details

Version: 0.60-35
Check: CRAN incoming feasibility
Result: NOTE Maintainer: ‘Daniel R. Miranda-Esquivel <dmiranda@uis.edu.co>’ No Authors@R field in DESCRIPTION. Please add one, modifying Authors@R: person(given = c("Daniel", "R."), family = "Miranda-Esquivel", role = c("aut", "cre"), email = "dmiranda@uis.edu.co") as necessary. Package CITATION file contains call(s) to old-style personList() or as.personList(). Please use c() on person objects instead. Package CITATION file contains call(s) to old-style citEntry(). Please use bibentry() instead. Flavors: r-devel-linux-x86_64-debian-clang, r-devel-linux-x86_64-debian-gcc