Last updated on 2025-05-02 03:51:12 CEST.
Flavor | Version | Tinstall | Tcheck | Ttotal | Status | Flags |
---|---|---|---|---|---|---|
r-devel-linux-x86_64-debian-clang | 1.1.1 | 157.60 | 30.56 | 188.16 | NOTE | |
r-devel-linux-x86_64-debian-gcc | 1.1.1 | 105.97 | 24.17 | 130.14 | NOTE | |
r-devel-linux-x86_64-fedora-clang | 1.1.1 | 391.71 | NOTE | |||
r-devel-linux-x86_64-fedora-gcc | 1.1.1 | 348.21 | NOTE | |||
r-devel-windows-x86_64 | 1.1.1 | 182.00 | 79.00 | 261.00 | NOTE | |
r-patched-linux-x86_64 | 1.1.1 | 149.87 | 29.14 | 179.01 | NOTE | |
r-release-linux-x86_64 | NOTE | |||||
r-release-macos-arm64 | 1.1.1 | 73.00 | NOTE | |||
r-release-macos-x86_64 | 1.1.1 | 81.00 | NOTE | |||
r-release-windows-x86_64 | 1.1.1 | 185.00 | 85.00 | 270.00 | NOTE | |
r-oldrel-macos-arm64 | 1.1.1 | 76.00 | NOTE | |||
r-oldrel-macos-x86_64 | 1.1.1 | 72.00 | NOTE | |||
r-oldrel-windows-x86_64 | 1.1.1 | 206.00 | 90.00 | 296.00 | NOTE |
Version: 1.1.1
Check: C++ specification
Result: NOTE
Specified C++11: please drop specification unless essential
Flavors: r-devel-linux-x86_64-debian-clang, r-devel-linux-x86_64-debian-gcc, r-devel-linux-x86_64-fedora-clang, r-devel-linux-x86_64-fedora-gcc, r-devel-windows-x86_64, r-patched-linux-x86_64, r-release-linux-x86_64, r-release-macos-arm64, r-release-macos-x86_64, r-release-windows-x86_64, r-oldrel-macos-arm64, r-oldrel-macos-x86_64, r-oldrel-windows-x86_64
Version: 1.1.1
Check: installed package size
Result: NOTE
installed size is 6.6Mb
sub-directories of 1Mb or more:
data 1.1Mb
libs 5.4Mb
Flavors: r-oldrel-macos-arm64, r-oldrel-macos-x86_64