CRAN Package Check Results for Package jmcm

Last updated on 2025-07-18 03:51:01 CEST.

Flavor Version Tinstall Tcheck Ttotal Status Flags
r-devel-linux-x86_64-debian-clang 0.2.4 31.36 43.05 74.41 NOTE
r-devel-linux-x86_64-debian-gcc 0.2.4 26.62 32.63 59.25 NOTE
r-devel-linux-x86_64-fedora-clang 0.2.4 130.78 NOTE
r-devel-linux-x86_64-fedora-gcc 0.2.4 137.19 NOTE
r-devel-windows-x86_64 0.2.4 41.00 84.00 125.00 NOTE
r-patched-linux-x86_64 0.2.4 35.47 40.33 75.80 NOTE
r-release-linux-x86_64 0.2.4 37.53 40.06 77.59 NOTE
r-release-macos-arm64 0.2.4 56.00 NOTE
r-release-macos-x86_64 0.2.4 113.00 NOTE
r-release-windows-x86_64 0.2.4 42.00 87.00 129.00 NOTE
r-oldrel-macos-arm64 0.2.4 42.00 NOTE
r-oldrel-macos-x86_64 0.2.4 80.00 NOTE
r-oldrel-windows-x86_64 0.2.4 49.00 106.00 155.00 NOTE

Check Details

Version: 0.2.4
Check: C++ specification
Result: NOTE Specified C++11: please drop specification unless essential Flavors: r-devel-linux-x86_64-debian-clang, r-devel-linux-x86_64-debian-gcc, r-devel-linux-x86_64-fedora-clang, r-devel-linux-x86_64-fedora-gcc, r-devel-windows-x86_64, r-patched-linux-x86_64, r-release-linux-x86_64, r-release-macos-arm64, r-release-macos-x86_64, r-release-windows-x86_64, r-oldrel-macos-arm64, r-oldrel-macos-x86_64, r-oldrel-windows-x86_64

Version: 0.2.4
Check: installed package size
Result: NOTE installed size is 5.9Mb sub-directories of 1Mb or more: libs 4.6Mb Flavors: r-oldrel-macos-arm64, r-oldrel-macos-x86_64