Last updated on 2025-07-26 03:49:53 CEST.
Flavor | Version | Tinstall | Tcheck | Ttotal | Status | Flags |
---|---|---|---|---|---|---|
r-devel-linux-x86_64-debian-clang | 1.5.2 | 102.58 | 28.06 | 130.64 | OK | |
r-devel-linux-x86_64-debian-gcc | 1.5.2 | 81.20 | 22.76 | 103.96 | OK | |
r-devel-linux-x86_64-fedora-clang | 1.5.2 | 227.20 | OK | |||
r-devel-linux-x86_64-fedora-gcc | 1.5.2 | 297.84 | OK | |||
r-devel-windows-x86_64 | 1.5.2 | 119.00 | 89.00 | 208.00 | OK | |
r-patched-linux-x86_64 | 1.5.2 | 113.04 | 26.60 | 139.64 | OK | |
r-release-linux-x86_64 | 1.5.2 | 110.50 | 26.69 | 137.19 | OK | |
r-release-macos-arm64 | 1.5.2 | 79.00 | OK | |||
r-release-macos-x86_64 | 1.5.2 | 90.00 | OK | |||
r-release-windows-x86_64 | 1.5.2 | 122.00 | 83.00 | 205.00 | OK | |
r-oldrel-macos-arm64 | 1.5.2 | 96.00 | NOTE | |||
r-oldrel-macos-x86_64 | 1.5.2 | 143.00 | NOTE | |||
r-oldrel-windows-x86_64 | 1.5.2 | 112.00 | 96.00 | 208.00 | OK |
Version: 1.5.2
Check: installed package size
Result: NOTE
installed size is 12.8Mb
sub-directories of 1Mb or more:
libs 12.5Mb
Flavors: r-oldrel-macos-arm64, r-oldrel-macos-x86_64