Last updated on 2025-05-03 03:52:01 CEST.
Flavor | Version | Tinstall | Tcheck | Ttotal | Status | Flags |
---|---|---|---|---|---|---|
r-devel-linux-x86_64-debian-clang | 0.1.0 | 13.17 | 47.43 | 60.60 | NOTE | |
r-devel-linux-x86_64-debian-gcc | 0.1.0 | 9.25 | 34.37 | 43.62 | NOTE | |
r-devel-linux-x86_64-fedora-clang | 0.1.0 | 102.45 | NOTE | |||
r-devel-linux-x86_64-fedora-gcc | 0.1.0 | 83.03 | NOTE | |||
r-devel-windows-x86_64 | 0.1.0 | 18.00 | 81.00 | 99.00 | NOTE | |
r-patched-linux-x86_64 | 0.1.0 | 12.96 | 44.01 | 56.97 | NOTE | |
r-release-linux-x86_64 | NOTE | |||||
r-release-macos-arm64 | 0.1.0 | 35.00 | NOTE | |||
r-release-macos-x86_64 | 0.1.0 | 48.00 | NOTE | |||
r-release-windows-x86_64 | 0.1.0 | 19.00 | 79.00 | 98.00 | NOTE | |
r-oldrel-macos-arm64 | 0.1.0 | 29.00 | NOTE | |||
r-oldrel-macos-x86_64 | 0.1.0 | 45.00 | NOTE | |||
r-oldrel-windows-x86_64 | 0.1.0 | 21.00 | 96.00 | 117.00 | NOTE |
Version: 0.1.0
Check: CRAN incoming feasibility
Result: NOTE
Maintainer: ‘Neo Christopher Chung <nchchung@gmail.com>’
No Authors@R field in DESCRIPTION.
Please add one, modifying
Authors@R: c(person(given = c("Neo", "Christopher"),
family = "Chung",
role = c("aut", "cre"),
email = "nchchung@gmail.com"),
person(given = "Błażej",
family = "Miasojedow",
role = "aut",
email = "bmiasojedow@gmail.com"),
person(given = "Michał",
family = "Startek",
role = "aut",
email = "M.Startek@mimuw.edu.pl"),
person(given = "Anna",
family = "Gambin",
role = "aut",
email = "aniag@mimuw.edu.pl"))
as necessary.
Flavors: r-devel-linux-x86_64-debian-clang, r-devel-linux-x86_64-debian-gcc
Version: 0.1.0
Check: C++ specification
Result: NOTE
Specified C++11: please drop specification unless essential
Flavors: r-devel-linux-x86_64-debian-clang, r-devel-linux-x86_64-debian-gcc, r-devel-linux-x86_64-fedora-clang, r-devel-linux-x86_64-fedora-gcc, r-devel-windows-x86_64, r-patched-linux-x86_64, r-release-linux-x86_64, r-release-macos-arm64, r-release-macos-x86_64, r-release-windows-x86_64, r-oldrel-macos-arm64, r-oldrel-macos-x86_64, r-oldrel-windows-x86_64
Version: 0.1.0
Check: Rd files
Result: NOTE
checkRd: (-1) jaccard.test.Rd:41: Lost braces; missing escapes or markup?
41 | The {bootstrap} method uses resampling with replacement binary vectors to compute a p-value (see optional arguments).
| ^
Flavors: r-devel-linux-x86_64-debian-clang, r-devel-linux-x86_64-debian-gcc, r-devel-linux-x86_64-fedora-clang, r-devel-linux-x86_64-fedora-gcc, r-devel-windows-x86_64, r-patched-linux-x86_64, r-release-linux-x86_64, r-release-macos-arm64, r-release-macos-x86_64, r-release-windows-x86_64, r-oldrel-macos-arm64, r-oldrel-macos-x86_64, r-oldrel-windows-x86_64
Version: 0.1.0
Check: dependencies in R code
Result: NOTE
Namespaces in Imports field not imported from:
‘Rcpp’ ‘dplyr’ ‘magrittr’
All declared Imports should be used.
Flavors: r-devel-linux-x86_64-fedora-clang, r-devel-linux-x86_64-fedora-gcc
Version: 0.1.0
Check: LazyData
Result: NOTE
'LazyData' is specified without a 'data' directory
Flavors: r-oldrel-macos-arm64, r-oldrel-macos-x86_64, r-oldrel-windows-x86_64