Last updated on 2025-05-17 03:49:09 CEST.
Flavor | Version | Tinstall | Tcheck | Ttotal | Status | Flags |
---|---|---|---|---|---|---|
r-devel-linux-x86_64-debian-clang | 0.2.6 | 682.11 | 264.36 | 946.47 | NOTE | |
r-devel-linux-x86_64-debian-gcc | 0.2.6 | 497.57 | 175.74 | 673.31 | NOTE | |
r-devel-linux-x86_64-fedora-clang | 0.2.6 | 1831.13 | NOTE | |||
r-devel-linux-x86_64-fedora-gcc | 0.2.6 | 2121.80 | NOTE | |||
r-devel-windows-x86_64 | 0.2.6 | 764.00 | 392.00 | 1156.00 | NOTE | |
r-patched-linux-x86_64 | 0.2.6 | 694.99 | 247.01 | 942.00 | NOTE | |
r-release-linux-x86_64 | 0.2.6 | 685.79 | 248.77 | 934.56 | NOTE | |
r-release-macos-arm64 | 0.2.6 | 396.00 | NOTE | |||
r-release-macos-x86_64 | 0.2.6 | 492.00 | NOTE | |||
r-release-windows-x86_64 | 0.2.6 | 771.00 | 400.00 | 1171.00 | NOTE | |
r-oldrel-macos-arm64 | 0.2.6 | 377.00 | NOTE | |||
r-oldrel-macos-x86_64 | 0.2.6 | 417.00 | NOTE | |||
r-oldrel-windows-x86_64 | 0.2.6 | 899.00 | 464.00 | 1363.00 | NOTE |
Version: 0.2.6
Check: Rd files
Result: NOTE
checkRd: (-1) jSDM_binomial_probit_long_format.Rd:45: Lost braces
45 | \code{species} \tab numeric or character eqn{n_{obs}}{n_obs}-length vector indicating the species observed, \cr
| ^
checkRd: (-1) jSDM_binomial_probit_long_format.Rd:45: Lost braces; missing escapes or markup?
45 | \code{species} \tab numeric or character eqn{n_{obs}}{n_obs}-length vector indicating the species observed, \cr
| ^
checkRd: (-1) jSDM_binomial_probit_long_format.Rd:45: Lost braces
45 | \code{species} \tab numeric or character eqn{n_{obs}}{n_obs}-length vector indicating the species observed, \cr
| ^
Flavors: r-devel-linux-x86_64-debian-clang, r-devel-linux-x86_64-debian-gcc, r-devel-linux-x86_64-fedora-clang, r-devel-linux-x86_64-fedora-gcc, r-devel-windows-x86_64, r-patched-linux-x86_64, r-release-linux-x86_64, r-release-macos-arm64, r-release-macos-x86_64, r-release-windows-x86_64, r-oldrel-macos-arm64, r-oldrel-macos-x86_64, r-oldrel-windows-x86_64
Version: 0.2.6
Check: installed package size
Result: NOTE
installed size is 34.2Mb
sub-directories of 1Mb or more:
libs 32.8Mb
Flavors: r-oldrel-macos-arm64, r-oldrel-macos-x86_64