CRAN Package Check Results for Package ivdesign

Last updated on 2025-10-09 03:50:10 CEST.

Flavor Version Tinstall Tcheck Ttotal Status Flags
r-devel-linux-x86_64-debian-clang 0.1.0 1.95 22.40 24.35 NOTE
r-devel-linux-x86_64-debian-gcc 0.1.0 1.39 17.75 19.14 NOTE
r-devel-linux-x86_64-fedora-clang 0.1.0 34.15 OK
r-devel-linux-x86_64-fedora-gcc 0.1.0 33.14 OK
r-devel-windows-x86_64 0.1.0 5.00 42.00 47.00 OK
r-patched-linux-x86_64 0.1.0 1.98 20.83 22.81 OK
r-release-linux-x86_64 0.1.0 1.91 20.89 22.80 OK
r-release-macos-arm64 0.1.0 15.00 OK
r-release-macos-x86_64 0.1.0 25.00 OK
r-release-windows-x86_64 0.1.0 3.00 44.00 47.00 OK
r-oldrel-macos-arm64 0.1.0 15.00 NOTE
r-oldrel-macos-x86_64 0.1.0 22.00 NOTE
r-oldrel-windows-x86_64 0.1.0 3.00 44.00 47.00 NOTE

Check Details

Version: 0.1.0
Check: CRAN incoming feasibility
Result: NOTE Maintainer: ‘Bo Zhang <bozhan@wharton.upenn.edu>’ No Authors@R field in DESCRIPTION. Please add one, modifying Authors@R: person(given = "Bo", family = "Zhang", role = c("aut", "cre"), email = "bozhan@wharton.upenn.edu") as necessary. Flavors: r-devel-linux-x86_64-debian-clang, r-devel-linux-x86_64-debian-gcc

Version: 0.1.0
Check: package dependencies
Result: NOTE Package suggested but not available for checking: ‘gurobi’ Flavors: r-oldrel-macos-arm64, r-oldrel-macos-x86_64, r-oldrel-windows-x86_64