Last updated on 2025-10-31 02:50:34 CET.
| Flavor | Version | Tinstall | Tcheck | Ttotal | Status | Flags | 
|---|---|---|---|---|---|---|
| r-devel-linux-x86_64-debian-clang | 1.1.2 | 9.01 | 48.20 | 57.21 | NOTE | |
| r-devel-linux-x86_64-debian-gcc | 1.1.2 | 8.50 | 38.45 | 46.95 | NOTE | |
| r-devel-linux-x86_64-fedora-clang | 1.1.2 | 38.00 | 50.45 | 88.45 | NOTE | |
| r-devel-linux-x86_64-fedora-gcc | 1.1.2 | 22.00 | 60.49 | 82.49 | NOTE | |
| r-devel-windows-x86_64 | 1.1.2 | 12.00 | 67.00 | 79.00 | NOTE | |
| r-patched-linux-x86_64 | 1.1.2 | 10.18 | 45.60 | 55.78 | NOTE | |
| r-release-linux-x86_64 | 1.1.2 | 9.93 | 46.10 | 56.03 | NOTE | |
| r-release-macos-arm64 | 1.1.2 | 6.00 | 25.00 | 31.00 | NOTE | |
| r-release-macos-x86_64 | 1.1.2 | 10.00 | 41.00 | 51.00 | NOTE | |
| r-release-windows-x86_64 | 1.1.2 | 12.00 | 69.00 | 81.00 | NOTE | |
| r-oldrel-macos-arm64 | 1.1.2 | 6.00 | 27.00 | 33.00 | NOTE | |
| r-oldrel-macos-x86_64 | 1.1.2 | 8.00 | 42.00 | 50.00 | NOTE | |
| r-oldrel-windows-x86_64 | 1.1.2 | 16.00 | 81.00 | 97.00 | NOTE | 
Version: 1.1.2
Check: DESCRIPTION meta-information
Result: NOTE
    Missing dependency on R >= 4.1.0 because package code uses the pipe
    |> or function shorthand \(...) syntax added in R 4.1.0.
    File(s) using such syntax:
      ‘bicycle_theft.R’ ‘car_fleet.R’ ‘crimes_against_life.R’
      ‘gun_seizure.R’ ‘gun_seizure_historical.R’ ‘monthly_stats.R’
      ‘monthly_stats_dictionary.R’ ‘population.R’ ‘spatial_info.R’
      ‘upp_data.R’ ‘yearly_stats.R’ ‘yearly_stats_dictionary.R’
Flavors: r-devel-linux-x86_64-debian-clang, r-devel-linux-x86_64-debian-gcc, r-devel-linux-x86_64-fedora-clang, r-devel-linux-x86_64-fedora-gcc, r-devel-windows-x86_64, r-patched-linux-x86_64, r-release-linux-x86_64, r-release-macos-arm64, r-release-macos-x86_64, r-release-windows-x86_64
Version: 1.1.2
Check: dependencies in R code
Result: NOTE
  Namespace in Imports field not imported from: ‘curl’
    All declared Imports should be used.
Flavors: r-devel-linux-x86_64-fedora-clang, r-devel-linux-x86_64-fedora-gcc
Version: 1.1.2
Check: installed package size
Result: NOTE
    installed size is  6.3Mb
    sub-directories of 1Mb or more:
      data   6.1Mb
Flavors: r-oldrel-macos-arm64, r-oldrel-macos-x86_64, r-oldrel-windows-x86_64