Last updated on 2025-11-22 03:50:52 CET.
| Flavor | Version | Tinstall | Tcheck | Ttotal | Status | Flags |
|---|---|---|---|---|---|---|
| r-devel-linux-x86_64-debian-clang | 0.1.1 | 12.15 | 212.97 | 225.12 | OK | |
| r-devel-linux-x86_64-debian-gcc | 0.1.1 | 7.66 | 149.68 | 157.34 | OK | |
| r-devel-linux-x86_64-fedora-clang | 0.1.1 | 30.00 | 306.12 | 336.12 | NOTE | |
| r-devel-linux-x86_64-fedora-gcc | 0.1.1 | 52.00 | 320.14 | 372.14 | NOTE | |
| r-devel-windows-x86_64 | 0.1.1 | 19.00 | 200.00 | 219.00 | OK | |
| r-patched-linux-x86_64 | 0.1.1 | 9.72 | 201.96 | 211.68 | OK | |
| r-release-linux-x86_64 | 0.1.1 | 11.10 | 204.27 | 215.37 | OK | |
| r-release-macos-arm64 | 0.1.1 | OK | ||||
| r-release-macos-x86_64 | 0.1.1 | 9.00 | 163.00 | 172.00 | OK | |
| r-release-windows-x86_64 | 0.1.1 | 15.00 | 200.00 | 215.00 | OK | |
| r-oldrel-macos-arm64 | 0.1.1 | OK | ||||
| r-oldrel-macos-x86_64 | 0.1.1 | 7.00 | 126.00 | 133.00 | OK | |
| r-oldrel-windows-x86_64 | 0.1.1 | 19.00 | 259.00 | 278.00 | OK |
Version: 0.1.1
Check: dependencies in R code
Result: NOTE
Namespace in Imports field not imported from: ‘moonBook’
All declared Imports should be used.
Flavors: r-devel-linux-x86_64-fedora-clang, r-devel-linux-x86_64-fedora-gcc