CRAN Package Check Results for Package intccr

Last updated on 2025-07-20 03:49:34 CEST.

Flavor Version Tinstall Tcheck Ttotal Status Flags
r-devel-linux-x86_64-debian-clang 3.0.4 6.44 47.24 53.68 NOTE
r-devel-linux-x86_64-debian-gcc 3.0.4 4.27 34.34 38.61 NOTE
r-devel-linux-x86_64-fedora-clang 3.0.4 84.76 NOTE
r-devel-linux-x86_64-fedora-gcc 3.0.4 90.59 NOTE
r-devel-windows-x86_64 3.0.4 8.00 66.00 74.00 OK
r-patched-linux-x86_64 3.0.4 6.65 44.33 50.98 OK
r-release-linux-x86_64 3.0.4 5.92 44.14 50.06 OK
r-release-macos-arm64 3.0.4 39.00 OK
r-release-macos-x86_64 3.0.4 56.00 OK
r-release-windows-x86_64 3.0.4 9.00 67.00 76.00 OK
r-oldrel-macos-arm64 3.0.4 29.00 OK
r-oldrel-macos-x86_64 3.0.4 46.00 OK
r-oldrel-windows-x86_64 3.0.4 11.00 79.00 90.00 OK

Check Details

Version: 3.0.4
Check: CRAN incoming feasibility
Result: NOTE Maintainer: ‘Jun Park <jun.park@alumni.iu.edu>’ No Authors@R field in DESCRIPTION. Please add one, modifying Authors@R: c(person(given = "Giorgos", family = "Bakoyannis", role = "aut", email = "gbakogia@iu.edu"), person(given = "Jun", family = "Park", role = c("aut", "cre"), email = "jun.park@alumni.iu.edu")) as necessary. Package CITATION file contains call(s) to old-style personList() or as.personList(). Please use c() on person objects instead. Package CITATION file contains call(s) to old-style citEntry(). Please use bibentry() instead. Flavors: r-devel-linux-x86_64-debian-clang, r-devel-linux-x86_64-debian-gcc

Version: 3.0.4
Check: dependencies in R code
Result: NOTE Namespace in Imports field not imported from: ‘splines2’ All declared Imports should be used. Flavors: r-devel-linux-x86_64-fedora-clang, r-devel-linux-x86_64-fedora-gcc