Last updated on 2025-07-18 03:51:01 CEST.
Flavor | Version | Tinstall | Tcheck | Ttotal | Status | Flags |
---|---|---|---|---|---|---|
r-devel-linux-x86_64-debian-clang | 0.1.0 | 1.73 | 26.30 | 28.03 | NOTE | |
r-devel-linux-x86_64-debian-gcc | 0.1.0 | 1.30 | 21.11 | 22.41 | NOTE | |
r-devel-linux-x86_64-fedora-clang | 0.1.0 | 45.55 | OK | |||
r-devel-linux-x86_64-fedora-gcc | 0.1.0 | 55.09 | OK | |||
r-devel-windows-x86_64 | 0.1.0 | 3.00 | 48.00 | 51.00 | OK | |
r-patched-linux-x86_64 | 0.1.0 | 1.71 | 25.39 | 27.10 | OK | |
r-release-linux-x86_64 | 0.1.0 | 1.83 | 25.06 | 26.89 | OK | |
r-release-macos-arm64 | 0.1.0 | 25.00 | OK | |||
r-release-macos-x86_64 | 0.1.0 | 45.00 | OK | |||
r-release-windows-x86_64 | 0.1.0 | 3.00 | 49.00 | 52.00 | OK | |
r-oldrel-macos-arm64 | 0.1.0 | 24.00 | OK | |||
r-oldrel-macos-x86_64 | 0.1.0 | 37.00 | OK | |||
r-oldrel-windows-x86_64 | 0.1.0 | 3.00 | 53.00 | 56.00 | OK |
Version: 0.1.0
Check: CRAN incoming feasibility
Result: NOTE
Maintainer: ‘Ivan Skliarov <i.skliarov@student.uw.edu.pl>’
No Authors@R field in DESCRIPTION.
Please add one, modifying
Authors@R: person(given = "Ivan",
family = "Skliarov",
role = c("aut", "cre"),
email = "i.skliarov@student.uw.edu.pl")
as necessary.
Flavors: r-devel-linux-x86_64-debian-clang, r-devel-linux-x86_64-debian-gcc