CRAN Package Check Results for Package incubate

Last updated on 2025-11-16 03:49:59 CET.

Flavor Version Tinstall Tcheck Ttotal Status Flags
r-devel-linux-x86_64-debian-clang 1.3.0 11.14 94.52 105.66 OK
r-devel-linux-x86_64-debian-gcc 1.3.0 7.94 65.19 73.13 NOTE
r-devel-linux-x86_64-fedora-clang 1.3.0 49.00 121.82 170.82 OK
r-devel-linux-x86_64-fedora-gcc 1.3.0 25.00 125.74 150.74 OK
r-devel-windows-x86_64 1.3.0 14.00 96.00 110.00 OK
r-patched-linux-x86_64 1.3.0 10.89 87.77 98.66 OK
r-release-linux-x86_64 1.3.0 8.00 88.83 96.83 OK
r-release-macos-arm64 1.3.0 6.00 45.00 51.00 OK
r-release-macos-x86_64 1.3.0 12.00 85.00 97.00 OK
r-release-windows-x86_64 1.3.0 12.00 94.00 106.00 OK
r-oldrel-macos-arm64 1.3.0 5.00 42.00 47.00 OK
r-oldrel-macos-x86_64 1.3.0 14.00 118.00 132.00 OK
r-oldrel-windows-x86_64 1.3.0 15.00 123.00 138.00 OK

Check Details

Version: 1.3.0
Check: CRAN incoming feasibility
Result: NOTE Maintainer: ‘Matthias Kuhn <matthias.kuhn@tu-dresden.de>’ The BugReports field in DESCRIPTION has https://gitlab.com/imb-dev/incubate/-/issues/ which should likely be https://gitlab.com/imb-dev/incubate/-/issues/issues instead. Flavor: r-devel-linux-x86_64-debian-gcc