Last updated on 2025-05-02 03:51:11 CEST.
Flavor | Version | Tinstall | Tcheck | Ttotal | Status | Flags |
---|---|---|---|---|---|---|
r-devel-linux-x86_64-debian-clang | 1.0.3 | 2.82 | 26.13 | 28.95 | NOTE | |
r-devel-linux-x86_64-debian-gcc | 1.0.3 | 2.20 | 20.03 | 22.23 | NOTE | |
r-devel-linux-x86_64-fedora-clang | 1.0.3 | 45.22 | OK | |||
r-devel-linux-x86_64-fedora-gcc | 1.0.3 | 43.62 | OK | |||
r-devel-windows-x86_64 | 1.0.3 | 5.00 | 66.00 | 71.00 | NOTE | |
r-patched-linux-x86_64 | 1.0.3 | 4.15 | 24.82 | 28.97 | NOTE | |
r-release-linux-x86_64 | NOTE | |||||
r-release-macos-arm64 | 1.0.3 | 22.00 | OK | |||
r-release-macos-x86_64 | 1.0.3 | 33.00 | OK | |||
r-release-windows-x86_64 | 1.0.3 | 4.00 | 61.00 | 65.00 | NOTE | |
r-oldrel-macos-arm64 | 1.0.3 | 19.00 | OK | |||
r-oldrel-macos-x86_64 | 1.0.3 | 35.00 | OK | |||
r-oldrel-windows-x86_64 | 1.0.3 | 4.00 | 65.00 | 69.00 | OK |
Version: 1.0.3
Check: CRAN incoming feasibility
Result: NOTE
Maintainer: ‘Thomas J. Leeper <thosjleeper@gmail.com>’
Package CITATION file contains call(s) to old-style personList() or
as.personList(). Please use c() on person objects instead.
Package CITATION file contains call(s) to old-style citEntry(). Please
use bibentry() instead.
Flavors: r-devel-linux-x86_64-debian-clang, r-devel-linux-x86_64-debian-gcc
Version: 1.0.3
Check: Rd cross-references
Result: NOTE
Found the following Rd file(s) with Rd \link{} targets missing package
anchors:
imgur_login.Rd: oauth2.0_token
Please provide package anchors for all Rd \link{} targets not in the
package itself and the base packages.
Flavors: r-devel-linux-x86_64-debian-clang, r-devel-linux-x86_64-debian-gcc, r-devel-windows-x86_64, r-patched-linux-x86_64, r-release-linux-x86_64, r-release-windows-x86_64