Last updated on 2025-10-31 02:50:33 CET.
| Flavor | Version | Tinstall | Tcheck | Ttotal | Status | Flags | 
|---|---|---|---|---|---|---|
| r-devel-linux-x86_64-debian-clang | 0.4.1 | 3.01 | 59.79 | 62.80 | NOTE | |
| r-devel-linux-x86_64-debian-gcc | 0.4.1 | 2.30 | 42.81 | 45.11 | NOTE | |
| r-devel-linux-x86_64-fedora-clang | 0.4.1 | 11.00 | 88.05 | 99.05 | OK | |
| r-devel-linux-x86_64-fedora-gcc | 0.4.1 | 102.07 | OK | |||
| r-devel-windows-x86_64 | 0.4.1 | 4.00 | 81.00 | 85.00 | OK | |
| r-patched-linux-x86_64 | 0.4.1 | 3.81 | 55.21 | 59.02 | OK | |
| r-release-linux-x86_64 | 0.4.1 | 2.39 | 55.88 | 58.27 | OK | |
| r-release-macos-arm64 | 0.4.1 | 2.00 | 38.00 | 40.00 | OK | |
| r-release-macos-x86_64 | 0.4.1 | 3.00 | 87.00 | 90.00 | OK | |
| r-release-windows-x86_64 | 0.4.1 | 7.00 | 84.00 | 91.00 | OK | |
| r-oldrel-macos-arm64 | 0.4.1 | 2.00 | 34.00 | 36.00 | OK | |
| r-oldrel-macos-x86_64 | 0.4.1 | 3.00 | 70.00 | 73.00 | OK | |
| r-oldrel-windows-x86_64 | 0.4.1 | 7.00 | 98.00 | 105.00 | OK | 
Version: 0.4.1
Check: CRAN incoming feasibility
Result: NOTE
  Maintainer: ‘Alex J.C. Witsil <alexjcwitsil@gmail.com>’
  
  No Authors@R field in DESCRIPTION.
  Please add one, modifying
    Authors@R: person(given = c("Alex", "J.C."),
                      family = "Witsil",
                      role = c("aut", "cre"),
                      email = "alexjcwitsil@gmail.com")
  as necessary.
Flavors: r-devel-linux-x86_64-debian-clang, r-devel-linux-x86_64-debian-gcc