CRAN Package Check Results for Package iTOS

Last updated on 2025-05-01 03:49:53 CEST.

Flavor Version Tinstall Tcheck Ttotal Status Flags
r-devel-linux-x86_64-debian-clang 1.0.3 3.35 39.21 42.56 NOTE
r-devel-linux-x86_64-debian-gcc 1.0.3 2.49 30.01 32.50 OK
r-devel-linux-x86_64-fedora-clang 1.0.3 69.86 OK
r-devel-linux-x86_64-fedora-gcc 1.0.3 66.19 OK
r-devel-windows-x86_64 1.0.3 4.00 67.00 71.00 OK
r-patched-linux-x86_64 1.0.3 3.24 37.34 40.58 OK
r-release-linux-x86_64 1.0.3 3.17 37.75 40.92 OK
r-release-macos-arm64 1.0.3 27.00 OK
r-release-macos-x86_64 1.0.3 43.00 OK
r-release-windows-x86_64 1.0.3 5.00 71.00 76.00 OK
r-oldrel-macos-arm64 1.0.3 25.00 OK
r-oldrel-macos-x86_64 1.0.3 57.00 OK
r-oldrel-windows-x86_64 1.0.3 5.00 74.00 79.00 OK

Check Details

Version: 1.0.3
Check: examples
Result: NOTE Examples with CPU (user + system) or elapsed time > 5s user system elapsed binge 5.282 0.284 7.85 Flavor: r-devel-linux-x86_64-debian-clang