Last updated on 2025-05-02 03:51:11 CEST.
Flavor | Version | Tinstall | Tcheck | Ttotal | Status | Flags |
---|---|---|---|---|---|---|
r-devel-linux-x86_64-debian-clang | 1.5 | 54.05 | 47.13 | 101.18 | NOTE | |
r-devel-linux-x86_64-debian-gcc | 1.5 | 36.81 | 35.24 | 72.05 | OK | |
r-devel-linux-x86_64-fedora-clang | 1.5 | 187.52 | OK | |||
r-devel-linux-x86_64-fedora-gcc | 1.5 | 191.11 | OK | |||
r-devel-windows-x86_64 | 1.5 | 61.00 | 90.00 | 151.00 | OK | |
r-patched-linux-x86_64 | 1.5 | 55.54 | 44.43 | 99.97 | OK | |
r-release-linux-x86_64 | OK | |||||
r-release-macos-arm64 | 1.5 | 63.00 | OK | |||
r-release-macos-x86_64 | 1.5 | 88.00 | OK | |||
r-release-windows-x86_64 | 1.5 | 61.00 | 99.00 | 160.00 | OK | |
r-oldrel-macos-arm64 | 1.5 | 51.00 | OK | |||
r-oldrel-macos-x86_64 | 1.5 | 63.00 | OK | |||
r-oldrel-windows-x86_64 | 1.5 | 68.00 | 110.00 | 178.00 | OK |
Version: 1.5
Check: examples
Result: NOTE
Examples with CPU (user + system) or elapsed time > 5s
user system elapsed
idove 5.156 0.067 7.265
Flavor: r-devel-linux-x86_64-debian-clang