Last updated on 2025-11-04 03:50:53 CET.
| Flavor | Version | Tinstall | Tcheck | Ttotal | Status | Flags | 
|---|---|---|---|---|---|---|
| r-devel-linux-x86_64-debian-clang | 0.1.4 | 77.19 | 161.72 | 238.91 | OK | |
| r-devel-linux-x86_64-debian-gcc | 0.1.4 | 47.07 | 111.14 | 158.21 | OK | |
| r-devel-linux-x86_64-fedora-clang | 0.1.4 | 238.00 | 129.09 | 367.09 | OK | |
| r-devel-linux-x86_64-fedora-gcc | 0.1.4 | 134.00 | 195.83 | 329.83 | OK | |
| r-devel-windows-x86_64 | 0.1.4 | 65.00 | 147.00 | 212.00 | OK | |
| r-patched-linux-x86_64 | 0.1.4 | 58.72 | 139.22 | 197.94 | OK | |
| r-release-linux-x86_64 | 0.1.4 | 63.82 | 145.50 | 209.32 | OK | |
| r-release-macos-arm64 | 0.1.4 | 32.00 | 103.00 | 135.00 | OK | |
| r-release-macos-x86_64 | 0.1.4 | 44.00 | 129.00 | 173.00 | OK | |
| r-release-windows-x86_64 | 0.1.4 | 64.00 | 148.00 | 212.00 | OK | |
| r-oldrel-macos-arm64 | 0.1.4 | 23.00 | 76.00 | 99.00 | NOTE | |
| r-oldrel-macos-x86_64 | 0.1.4 | 48.00 | 147.00 | 195.00 | NOTE | |
| r-oldrel-windows-x86_64 | 0.1.4 | 80.00 | 200.00 | 280.00 | OK | 
Version: 0.1.4
Check: installed package size
Result: NOTE
    installed size is  9.1Mb
    sub-directories of 1Mb or more:
      data   3.0Mb
      libs   5.5Mb
Flavors: r-oldrel-macos-arm64, r-oldrel-macos-x86_64