Last updated on 2025-05-17 03:49:09 CEST.
Flavor | Version | Tinstall | Tcheck | Ttotal | Status | Flags |
---|---|---|---|---|---|---|
r-devel-linux-x86_64-debian-clang | 1.6.7 | 34.38 | 162.33 | 196.71 | NOTE | |
r-devel-linux-x86_64-debian-gcc | 1.6.7 | 23.22 | 113.16 | 136.38 | NOTE | |
r-devel-linux-x86_64-fedora-clang | 1.6.7 | 309.92 | OK | |||
r-devel-linux-x86_64-fedora-gcc | 1.6.7 | 302.75 | OK | |||
r-devel-windows-x86_64 | 1.6.7 | 37.00 | 165.00 | 202.00 | NOTE | |
r-patched-linux-x86_64 | 1.6.7 | 32.78 | 147.89 | 180.67 | NOTE | |
r-release-linux-x86_64 | 1.6.7 | 31.12 | 151.61 | 182.73 | NOTE | |
r-release-macos-arm64 | 1.6.7 | 90.00 | OK | |||
r-release-macos-x86_64 | 1.6.7 | 143.00 | OK | |||
r-release-windows-x86_64 | 1.6.7 | 38.00 | 173.00 | 211.00 | NOTE | |
r-oldrel-macos-arm64 | 1.6.7 | 75.00 | OK | |||
r-oldrel-macos-x86_64 | 1.6.7 | 114.00 | OK | |||
r-oldrel-windows-x86_64 | 1.6.7 | 48.00 | 218.00 | 266.00 | OK |
Version: 1.6.7
Check: Rd cross-references
Result: NOTE
Found the following Rd file(s) with Rd \link{} targets missing package
anchors:
run.umap.Rd: umap_transform
Please provide package anchors for all Rd \link{} targets not in the
package itself and the base packages.
Flavors: r-devel-linux-x86_64-debian-clang, r-devel-linux-x86_64-debian-gcc, r-devel-windows-x86_64, r-patched-linux-x86_64, r-release-linux-x86_64, r-release-windows-x86_64