Last updated on 2025-05-02 03:51:11 CEST.
Flavor | Version | Tinstall | Tcheck | Ttotal | Status | Flags |
---|---|---|---|---|---|---|
r-devel-linux-x86_64-debian-clang | 1.5.12 | 21.75 | 147.11 | 168.86 | NOTE | |
r-devel-linux-x86_64-debian-gcc | 1.5.12 | 14.94 | 110.92 | 125.86 | NOTE | |
r-devel-linux-x86_64-fedora-clang | 1.5.12 | 264.26 | OK | |||
r-devel-linux-x86_64-fedora-gcc | 1.5.12 | 254.78 | OK | |||
r-devel-windows-x86_64 | 1.5.12 | 24.00 | 202.00 | 226.00 | OK | |
r-patched-linux-x86_64 | 1.5.12 | 20.97 | 139.96 | 160.93 | OK | |
r-release-linux-x86_64 | OK | |||||
r-release-macos-arm64 | 1.5.12 | 86.00 | OK | |||
r-release-macos-x86_64 | 1.5.12 | 156.00 | OK | |||
r-release-windows-x86_64 | 1.5.12 | 23.00 | 191.00 | 214.00 | OK | |
r-oldrel-macos-arm64 | 1.5.12 | 82.00 | OK | |||
r-oldrel-macos-x86_64 | 1.5.12 | 131.00 | OK | |||
r-oldrel-windows-x86_64 | 1.5.12 | 30.00 | 239.00 | 269.00 | OK |
Version: 1.5.12
Check: CRAN incoming feasibility
Result: NOTE
Maintainer: ‘Daliang Ning <ningdaliang@ou.edu>’
No Authors@R field in DESCRIPTION.
Please add one, modifying
Authors@R: person(given = "Daliang",
family = "Ning",
role = c("aut", "cre"),
email = "ningdaliang@ou.edu")
as necessary.
Flavors: r-devel-linux-x86_64-debian-clang, r-devel-linux-x86_64-debian-gcc
Version: 1.5.12
Check: examples
Result: NOTE
Examples with CPU (user + system) or elapsed time > 5s
user system elapsed
null.norm 4.667 0.010 5.342
RC.bin.bigc 3.981 0.201 5.013
tree.droot 0.455 0.003 7.184
pdist.p 0.340 0.001 6.439
Flavor: r-devel-linux-x86_64-debian-clang