Last updated on 2025-10-30 02:49:04 CET.
| Flavor | Version | Tinstall | Tcheck | Ttotal | Status | Flags | 
|---|---|---|---|---|---|---|
| r-devel-linux-x86_64-debian-clang | 2.1.2 | 6.93 | 253.09 | 260.02 | NOTE | |
| r-devel-linux-x86_64-debian-gcc | 2.1.2 | 4.24 | 191.94 | 196.18 | NOTE | |
| r-devel-linux-x86_64-fedora-clang | 2.1.2 | 16.00 | 384.57 | 400.57 | OK | |
| r-devel-linux-x86_64-fedora-gcc | 2.1.2 | 13.00 | 390.24 | 403.24 | OK | |
| r-devel-windows-x86_64 | 2.1.2 | 9.00 | 295.00 | 304.00 | OK | |
| r-patched-linux-x86_64 | 2.1.2 | 6.49 | 243.76 | 250.25 | OK | |
| r-release-linux-x86_64 | 2.1.2 | 6.49 | 240.88 | 247.37 | OK | |
| r-release-macos-arm64 | 2.1.2 | 3.00 | 340.00 | 343.00 | OK | |
| r-release-macos-x86_64 | 2.1.2 | 5.00 | 388.00 | 393.00 | OK | |
| r-release-windows-x86_64 | 2.1.2 | 9.00 | 291.00 | 300.00 | OK | |
| r-oldrel-macos-arm64 | 2.1.2 | 3.00 | 259.00 | 262.00 | OK | |
| r-oldrel-macos-x86_64 | 2.1.2 | 5.00 | 310.00 | 315.00 | OK | |
| r-oldrel-windows-x86_64 | 2.1.2 | 11.00 | 364.00 | 375.00 | OK | 
Version: 2.1.2
Check: CRAN incoming feasibility
Result: NOTE
  Maintainer: ‘Przemyslaw Biecek <przemyslaw.biecek@gmail.com>’
  
  The Description field contains
    article (Gosiewska and Biecek 2019) <arXiv:1903.11420> This package is
    a part of the 'DrWhy.AI' universe (Biecek 2018) <arXiv:1806.08915>.
  Please refer to arXiv e-prints via their arXiv DOI <doi:10.48550/arXiv.YYMM.NNNNN>.
Flavors: r-devel-linux-x86_64-debian-clang, r-devel-linux-x86_64-debian-gcc