CRAN Package Check Results for Package hystar

Last updated on 2025-11-16 03:49:59 CET.

Flavor Version Tinstall Tcheck Ttotal Status Flags
r-devel-linux-x86_64-debian-clang 1.0.0 10.27 33.99 44.26 OK
r-devel-linux-x86_64-debian-gcc 1.0.0 7.57 26.59 34.16 NOTE
r-devel-linux-x86_64-fedora-clang 1.0.0 27.00 46.54 73.54 OK
r-devel-linux-x86_64-fedora-gcc 1.0.0 27.00 38.57 65.57 OK
r-devel-windows-x86_64 1.0.0 19.00 63.00 82.00 OK
r-patched-linux-x86_64 1.0.0 11.54 32.55 44.09 OK
r-release-linux-x86_64 1.0.0 9.66 31.72 41.38 OK
r-release-macos-arm64 1.0.0 5.00 17.00 22.00 OK
r-release-macos-x86_64 1.0.0 10.00 30.00 40.00 OK
r-release-windows-x86_64 1.0.0 13.00 67.00 80.00 OK
r-oldrel-macos-arm64 1.0.0 6.00 17.00 23.00 OK
r-oldrel-macos-x86_64 1.0.0 9.00 25.00 34.00 OK
r-oldrel-windows-x86_64 1.0.0 14.00 81.00 95.00 OK

Check Details

Version: 1.0.0
Check: CRAN incoming feasibility
Result: NOTE Maintainer: ‘Daan de Jong <daandejong94@gmail.com>’ The BugReports field in DESCRIPTION has https://github.com/daandejongen/hystar/issues/ which should likely be https://github.com/daandejongen/hystar/issues/issues instead. Flavor: r-devel-linux-x86_64-debian-gcc