Last updated on 2025-05-16 03:49:30 CEST.
Flavor | Version | Tinstall | Tcheck | Ttotal | Status | Flags |
---|---|---|---|---|---|---|
r-devel-linux-x86_64-debian-clang | 1.1.2 | 52.39 | 156.30 | 208.69 | NOTE | |
r-devel-linux-x86_64-debian-gcc | 1.1.2 | 35.71 | 110.25 | 145.96 | NOTE | |
r-devel-linux-x86_64-fedora-clang | 1.1.2 | 356.54 | OK | |||
r-devel-linux-x86_64-fedora-gcc | 1.1.2 | 370.20 | OK | |||
r-devel-windows-x86_64 | 1.1.2 | 65.00 | 185.00 | 250.00 | OK | |
r-patched-linux-x86_64 | 1.1.2 | 55.68 | 146.67 | 202.35 | OK | |
r-release-linux-x86_64 | 1.1.2 | 54.96 | 147.96 | 202.92 | OK | |
r-release-macos-arm64 | 1.1.2 | 101.00 | OK | |||
r-release-macos-x86_64 | 1.1.2 | 189.00 | OK | |||
r-release-windows-x86_64 | 1.1.2 | 62.00 | 189.00 | 251.00 | OK | |
r-oldrel-macos-arm64 | 1.1.2 | 123.00 | NOTE | |||
r-oldrel-macos-x86_64 | 1.1.2 | 164.00 | NOTE | |||
r-oldrel-windows-x86_64 | 1.1.2 | 74.00 | 238.00 | 312.00 | NOTE |
Version: 1.1.2
Check: CRAN incoming feasibility
Result: NOTE
Maintainer: ‘Ezequiel Toum <etoum@mendoza-conicet.gob.ar>’
No Authors@R field in DESCRIPTION.
Please add one, modifying
Authors@R: person(given = "Ezequiel",
family = "Toum",
role = c("aut", "cre"),
email = "etoum@mendoza-conicet.gob.ar")
as necessary.
Flavors: r-devel-linux-x86_64-debian-clang, r-devel-linux-x86_64-debian-gcc
Version: 1.1.2
Check: installed package size
Result: NOTE
installed size is 8.1Mb
sub-directories of 1Mb or more:
extdata 5.5Mb
libs 1.7Mb
Flavors: r-oldrel-macos-arm64, r-oldrel-macos-x86_64, r-oldrel-windows-x86_64