Last updated on 2025-05-18 03:50:20 CEST.
Flavor | Version | Tinstall | Tcheck | Ttotal | Status | Flags |
---|---|---|---|---|---|---|
r-devel-linux-x86_64-debian-clang | 0.1.1 | 3.04 | 22.74 | 25.78 | NOTE | |
r-devel-linux-x86_64-debian-gcc | 0.1.1 | 2.38 | 17.91 | 20.29 | NOTE | |
r-devel-linux-x86_64-fedora-clang | 0.1.1 | 41.39 | OK | |||
r-devel-linux-x86_64-fedora-gcc | 0.1.1 | 38.69 | OK | |||
r-devel-windows-x86_64 | 0.1.1 | 4.00 | 44.00 | 48.00 | OK | |
r-patched-linux-x86_64 | 0.1.1 | 3.37 | 21.79 | 25.16 | OK | |
r-release-linux-x86_64 | 0.1.1 | 2.81 | 21.84 | 24.65 | OK | |
r-release-macos-arm64 | 0.1.1 | 20.00 | OK | |||
r-release-macos-x86_64 | 0.1.1 | 26.00 | OK | |||
r-release-windows-x86_64 | 0.1.1 | 4.00 | 48.00 | 52.00 | OK | |
r-oldrel-macos-arm64 | 0.1.1 | 15.00 | OK | |||
r-oldrel-macos-x86_64 | 0.1.1 | 31.00 | OK | |||
r-oldrel-windows-x86_64 | 0.1.1 | 4.00 | 48.00 | 52.00 | OK |
Version: 0.1.1
Check: CRAN incoming feasibility
Result: NOTE
Maintainer: ‘Giacomo Ceoldo <giacomo.ceoldo@usi.ch>’
The Description field contains
<arXiv:2304.09809>.
Please refer to arXiv e-prints via their arXiv DOI <doi:10.48550/arXiv.YYMM.NNNNN>.
Flavors: r-devel-linux-x86_64-debian-clang, r-devel-linux-x86_64-debian-gcc