Last updated on 2025-05-02 03:51:11 CEST.
Flavor | Version | Tinstall | Tcheck | Ttotal | Status | Flags |
---|---|---|---|---|---|---|
r-devel-linux-x86_64-debian-clang | 1.1.7 | 49.15 | 124.47 | 173.62 | NOTE | --no-vignettes |
r-devel-linux-x86_64-debian-gcc | 1.1.7 | 34.90 | 84.88 | 119.78 | OK | --no-vignettes |
r-devel-linux-x86_64-fedora-clang | 1.1.7 | 305.38 | OK | --no-vignettes | ||
r-devel-linux-x86_64-fedora-gcc | 1.1.7 | 290.33 | OK | --no-vignettes | ||
r-devel-windows-x86_64 | 1.1.7 | 52.00 | 175.00 | 227.00 | OK | --no-vignettes |
r-patched-linux-x86_64 | 1.1.7 | 50.89 | 123.40 | 174.29 | OK | --no-vignettes |
r-release-linux-x86_64 | OK | --no-vignettes | ||||
r-release-macos-arm64 | 1.1.7 | 1630.00 | OK | |||
r-release-macos-x86_64 | 1.1.7 | 1803.00 | ERROR | |||
r-release-windows-x86_64 | 1.1.7 | 52.00 | 152.00 | 204.00 | OK | --no-vignettes |
r-oldrel-macos-arm64 | 1.1.7 | 1684.00 | OK | |||
r-oldrel-macos-x86_64 | 1.1.7 | 1127.00 | OK | |||
r-oldrel-windows-x86_64 | 1.1.7 | 65.00 | 190.00 | 255.00 | OK | --no-vignettes |
Version: 1.1.7
Flags: --no-vignettes
Check: examples
Result: NOTE
Examples with CPU (user + system) or elapsed time > 5s
user system elapsed
crit_cSUR 6.280 0.004 7.845
SIR 5.535 0.025 6.898
crit_tMSE 5.235 0.001 6.396
IMSPE_optim 4.995 0.067 6.218
Flavor: r-devel-linux-x86_64-debian-clang
Version: 1.1.7
Check: re-building of vignette outputs
Result: ERROR
Error(s) in re-building vignettes:
--- re-building ‘hetGP_vignette.Rnw’ using knitr
Quitting from hetGP_vignette.Rnw:1121-1124 [sirfit]
Execution halted
* checking PDF version of manual ...* using check arguments '--no-clean-on-error '
Flavor: r-release-macos-x86_64