Last updated on 2025-07-28 03:51:15 CEST.
Flavor | Version | Tinstall | Tcheck | Ttotal | Status | Flags |
---|---|---|---|---|---|---|
r-devel-linux-x86_64-debian-clang | 0.3.1 | 19.23 | 210.55 | 229.78 | NOTE | |
r-devel-linux-x86_64-debian-gcc | 0.3.1 | 11.74 | 147.19 | 158.93 | NOTE | |
r-devel-linux-x86_64-fedora-clang | 0.3.1 | 355.62 | NOTE | |||
r-devel-linux-x86_64-fedora-gcc | 0.3.1 | 326.75 | NOTE | |||
r-devel-windows-x86_64 | 0.3.1 | 22.00 | 228.00 | 250.00 | NOTE | |
r-patched-linux-x86_64 | 0.3.1 | 22.32 | 196.62 | 218.94 | NOTE | |
r-release-linux-x86_64 | 0.3.1 | 18.71 | 197.91 | 216.62 | NOTE | |
r-release-macos-arm64 | 0.3.1 | 104.00 | NOTE | |||
r-release-macos-x86_64 | 0.3.1 | 203.00 | NOTE | |||
r-release-windows-x86_64 | 0.3.1 | 22.00 | 228.00 | 250.00 | NOTE | |
r-oldrel-macos-arm64 | 0.3.1 | 86.00 | NOTE | |||
r-oldrel-macos-x86_64 | 0.3.1 | 111.00 | NOTE | |||
r-oldrel-windows-x86_64 | 0.3.1 | 28.00 | 291.00 | 319.00 | NOTE |
Version: 0.3.1
Check: DESCRIPTION meta-information
Result: NOTE
Missing dependency on R >= 4.1.0 because package code uses the pipe
|> or function shorthand \(...) syntax added in R 4.1.0.
File(s) using such syntax:
‘ts-random-walk.R’ ‘ts-vva-plot.R’
Flavors: r-devel-linux-x86_64-debian-clang, r-devel-linux-x86_64-debian-gcc, r-devel-linux-x86_64-fedora-clang, r-devel-linux-x86_64-fedora-gcc, r-devel-windows-x86_64, r-patched-linux-x86_64, r-release-linux-x86_64, r-release-macos-arm64, r-release-macos-x86_64, r-release-windows-x86_64
Version: 0.3.1
Check: installed package size
Result: NOTE
installed size is 6.3Mb
sub-directories of 1Mb or more:
doc 5.3Mb
Flavors: r-oldrel-macos-arm64, r-oldrel-macos-x86_64, r-oldrel-windows-x86_64