CRAN Package Check Results for Package healthyR.data

Last updated on 2025-10-11 03:49:55 CEST.

Flavor Version Tinstall Tcheck Ttotal Status Flags
r-devel-linux-x86_64-debian-clang 1.2.0 20.28 37.76 58.04 NOTE
r-devel-linux-x86_64-debian-gcc 1.2.0 17.49 30.33 47.82 NOTE
r-devel-linux-x86_64-fedora-clang 1.2.0 83.52 OK
r-devel-linux-x86_64-fedora-gcc 1.2.0 81.17 OK
r-devel-windows-x86_64 1.2.0 21.00 58.00 79.00 OK
r-patched-linux-x86_64 1.2.0 22.04 34.38 56.42 OK
r-release-linux-x86_64 1.2.0 21.25 34.49 55.74 OK
r-release-macos-arm64 1.2.0 49.00 OK
r-release-macos-x86_64 1.2.0 75.00 OK
r-release-windows-x86_64 1.2.0 23.00 61.00 84.00 OK
r-oldrel-macos-arm64 1.2.0 44.00 NOTE
r-oldrel-macos-x86_64 1.2.0 108.00 NOTE
r-oldrel-windows-x86_64 1.2.0 31.00 68.00 99.00 OK

Check Details

Version: 1.2.0
Check: CRAN incoming feasibility
Result: NOTE Maintainer: ‘Steven Sanderson <spsanderson@gmail.com>’ Found the following (possibly) invalid URLs: URL: https://lifecycle.r-lib.org/articles/stages.html##stable From: README.md Message: Invalid URL: '#' not allowed in fragment Flavors: r-devel-linux-x86_64-debian-clang, r-devel-linux-x86_64-debian-gcc

Version: 1.2.0
Check: installed package size
Result: NOTE installed size is 5.2Mb sub-directories of 1Mb or more: data 4.9Mb Flavors: r-oldrel-macos-arm64, r-oldrel-macos-x86_64