CRAN Package Check Results for Package hds

Last updated on 2025-04-30 03:50:55 CEST.

Flavor Version Tinstall Tcheck Ttotal Status Flags
r-devel-linux-x86_64-debian-clang 0.8.1 6.07 55.57 61.64 NOTE
r-devel-linux-x86_64-debian-gcc 0.8.1 4.62 39.77 44.39 NOTE
r-devel-linux-x86_64-fedora-clang 0.8.1 91.07 OK
r-devel-linux-x86_64-fedora-gcc 0.8.1 88.22 OK
r-devel-windows-x86_64 0.8.1 7.00 69.00 76.00 OK
r-patched-linux-x86_64 0.8.1 6.91 51.00 57.91 OK
r-release-linux-x86_64 0.8.1 6.43 52.14 58.57 OK
r-release-macos-arm64 0.8.1 37.00 OK
r-release-macos-x86_64 0.8.1 52.00 OK
r-release-windows-x86_64 0.8.1 8.00 68.00 76.00 OK
r-oldrel-macos-arm64 0.8.1 29.00 OK
r-oldrel-macos-x86_64 0.8.1 43.00 OK
r-oldrel-windows-x86_64 0.8.1 9.00 76.00 85.00 OK

Check Details

Version: 0.8.1
Check: CRAN incoming feasibility
Result: NOTE Maintainer: ‘C. Jason Liang <liangcj@gmail.com>’ Found the following URLs which should use \doi (with the DOI name only): File ‘finda.Rd’: https://doi.org/10.1111/1467-9469.00320 https://doi.org/10.1198/016214504000000845 File ‘hds.Rd’: https://doi.org/10.1111/biom.12628 File ‘hdslc.Rd’: https://doi.org/10.1111/biom.12628 https://doi.org/10.1111/1467-9469.00320 https://doi.org/10.1198/016214504000000845 Flavors: r-devel-linux-x86_64-debian-clang, r-devel-linux-x86_64-debian-gcc