Last updated on 2025-05-02 03:51:11 CEST.
Flavor | Version | Tinstall | Tcheck | Ttotal | Status | Flags |
---|---|---|---|---|---|---|
r-devel-linux-x86_64-debian-clang | 1.0.4 | 103.35 | 158.23 | 261.58 | NOTE | |
r-devel-linux-x86_64-debian-gcc | 1.0.4 | 79.01 | 118.07 | 197.08 | OK | |
r-devel-linux-x86_64-fedora-clang | 1.0.4 | 446.12 | NOTE | |||
r-devel-linux-x86_64-fedora-gcc | 1.0.4 | 393.45 | NOTE | |||
r-devel-windows-x86_64 | 1.0.4 | 121.00 | 204.00 | 325.00 | OK | |
r-patched-linux-x86_64 | 1.0.4 | 104.82 | 162.02 | 266.84 | OK | |
r-release-linux-x86_64 | OK | |||||
r-release-macos-arm64 | 1.0.4 | 80.00 | OK | |||
r-release-macos-x86_64 | 1.0.4 | 124.00 | OK | |||
r-release-windows-x86_64 | 1.0.4 | 122.00 | 218.00 | 340.00 | OK | |
r-oldrel-macos-arm64 | 1.0.4 | 96.00 | NOTE | |||
r-oldrel-macos-x86_64 | 1.0.4 | 162.00 | NOTE | |||
r-oldrel-windows-x86_64 | 1.0.4 | 141.00 | 257.00 | 398.00 | OK |
Version: 1.0.4
Check: examples
Result: NOTE
Examples with CPU (user + system) or elapsed time > 5s
user system elapsed
plot_hdpglm 7.270 0.157 9.104
plot_pexp_beta 5.544 0.009 6.897
plot_tau 3.873 0.055 5.050
Flavor: r-devel-linux-x86_64-debian-clang
Version: 1.0.4
Check: dependencies in R code
Result: NOTE
Namespaces in Imports field not imported from:
‘MCMCpack’ ‘isotone’ ‘png’ ‘questionr’ ‘rprojroot’ ‘tidyverse’
All declared Imports should be used.
Flavors: r-devel-linux-x86_64-fedora-clang, r-devel-linux-x86_64-fedora-gcc
Version: 1.0.4
Check: installed package size
Result: NOTE
installed size is 7.8Mb
sub-directories of 1Mb or more:
libs 6.9Mb
Flavors: r-oldrel-macos-arm64, r-oldrel-macos-x86_64