Last updated on 2025-05-02 03:51:11 CEST.
Flavor | Version | Tinstall | Tcheck | Ttotal | Status | Flags |
---|---|---|---|---|---|---|
r-devel-linux-x86_64-debian-clang | 0.6.0 | 20.27 | 199.45 | 219.72 | NOTE | |
r-devel-linux-x86_64-debian-gcc | 0.6.0 | 12.61 | 124.65 | 137.26 | OK | |
r-devel-linux-x86_64-fedora-clang | 0.6.0 | 349.27 | OK | |||
r-devel-linux-x86_64-fedora-gcc | 0.6.0 | 360.40 | OK | |||
r-devel-windows-x86_64 | 0.6.0 | 26.00 | 212.00 | 238.00 | OK | |
r-patched-linux-x86_64 | 0.6.0 | 20.23 | 199.53 | 219.76 | OK | |
r-release-linux-x86_64 | OK | |||||
r-release-macos-arm64 | 0.6.0 | 122.00 | OK | |||
r-release-macos-x86_64 | 0.6.0 | 197.00 | OK | |||
r-release-windows-x86_64 | 0.6.0 | 26.00 | 216.00 | 242.00 | OK | |
r-oldrel-macos-arm64 | 0.6.0 | 109.00 | OK | |||
r-oldrel-macos-x86_64 | 0.6.0 | 174.00 | OK | |||
r-oldrel-windows-x86_64 | 0.6.0 | 29.00 | 289.00 | 318.00 | OK |
Version: 0.6.0
Check: examples
Result: NOTE
Examples with CPU (user + system) or elapsed time > 5s
user system elapsed
corrected_lasso 6.451 0.231 9.282
Flavor: r-devel-linux-x86_64-debian-clang