Last updated on 2025-05-02 03:51:11 CEST.
Flavor | Version | Tinstall | Tcheck | Ttotal | Status | Flags |
---|---|---|---|---|---|---|
r-devel-linux-x86_64-debian-clang | 0.3.0 | 14.26 | 132.17 | 146.43 | NOTE | |
r-devel-linux-x86_64-debian-gcc | 0.3.0 | 8.72 | 92.33 | 101.05 | NOTE | |
r-devel-linux-x86_64-fedora-clang | 0.3.0 | 216.72 | OK | |||
r-devel-linux-x86_64-fedora-gcc | 0.3.0 | 203.77 | OK | |||
r-devel-windows-x86_64 | 0.3.0 | 15.00 | 135.00 | 150.00 | OK | |
r-patched-linux-x86_64 | 0.3.0 | 12.98 | 124.00 | 136.98 | OK | |
r-release-linux-x86_64 | OK | |||||
r-release-macos-arm64 | 0.3.0 | 59.00 | OK | |||
r-release-macos-x86_64 | 0.3.0 | 109.00 | OK | |||
r-release-windows-x86_64 | 0.3.0 | 14.00 | 142.00 | 156.00 | OK | |
r-oldrel-macos-arm64 | 0.3.0 | 57.00 | OK | |||
r-oldrel-macos-x86_64 | 0.3.0 | 84.00 | OK | |||
r-oldrel-windows-x86_64 | 0.3.0 | 20.00 | 175.00 | 195.00 | OK |
Version: 0.3.0
Check: CRAN incoming feasibility
Result: NOTE
Maintainer: ‘Xiang Zhou <xiang_zhou@fas.harvard.edu>’
The BugReports field in DESCRIPTION has
http://github.com/xiangzhou09/hIRT
which should likely be
http://github.com/xiangzhou09/hIRT/issues
instead.
Found the following URLs which should use \doi (with the DOI name only):
File ‘hgrm.Rd’:
https://doi.org/10.1017/pan.2018.63
File ‘hltm.Rd’:
https://doi.org/10.1017/pan.2018.63
Flavors: r-devel-linux-x86_64-debian-clang, r-devel-linux-x86_64-debian-gcc
Version: 0.3.0
Check: examples
Result: NOTE
Examples with CPU (user + system) or elapsed time > 5s
user system elapsed
coef_item 5.336 0.037 6.582
latent_scores 5.184 0.048 6.019
summary.hIRT 4.799 0.007 5.747
hgrm 4.543 0.071 5.615
Flavor: r-devel-linux-x86_64-debian-clang