Last updated on 2025-05-18 03:50:19 CEST.
Flavor | Version | Tinstall | Tcheck | Ttotal | Status | Flags |
---|---|---|---|---|---|---|
r-devel-linux-x86_64-debian-clang | 0.1.2 | 5.25 | 24.31 | 29.56 | OK | |
r-devel-linux-x86_64-debian-gcc | 0.1.2 | 4.17 | 20.25 | 24.42 | OK | |
r-devel-linux-x86_64-fedora-clang | 0.1.2 | 44.70 | OK | |||
r-devel-linux-x86_64-fedora-gcc | 0.1.2 | 43.95 | OK | |||
r-devel-windows-x86_64 | 0.1.2 | 10.00 | 61.00 | 71.00 | OK | |
r-patched-linux-x86_64 | 0.1.2 | 5.94 | 22.16 | 28.10 | OK | |
r-release-linux-x86_64 | 0.1.2 | 5.24 | 22.41 | 27.65 | OK | |
r-release-macos-arm64 | 0.1.2 | 24.00 | OK | |||
r-release-macos-x86_64 | 0.1.2 | 31.00 | OK | |||
r-release-windows-x86_64 | 0.1.2 | 11.00 | 65.00 | 76.00 | OK | |
r-oldrel-macos-arm64 | 0.1.2 | 23.00 | OK | |||
r-oldrel-macos-x86_64 | 0.1.2 | 39.00 | OK | |||
r-oldrel-windows-x86_64 | 0.1.2 | 8.00 | 9.00 | 17.00 | ERROR |
Version: 0.1.2
Check: package dependencies
Result: ERROR
Package required and available but unsuitable version: 'h3lib'
See section 'The DESCRIPTION file' in the 'Writing R Extensions'
manual.
Flavor: r-oldrel-windows-x86_64