Last updated on 2025-05-02 03:51:10 CEST.
Flavor | Version | Tinstall | Tcheck | Ttotal | Status | Flags |
---|---|---|---|---|---|---|
r-devel-linux-x86_64-debian-clang | 0.4.0 | 4.99 | 69.32 | 74.31 | NOTE | |
r-devel-linux-x86_64-debian-gcc | 0.4.0 | 2.98 | 49.56 | 52.54 | OK | |
r-devel-linux-x86_64-fedora-clang | 0.4.0 | 122.67 | OK | |||
r-devel-linux-x86_64-fedora-gcc | 0.4.0 | 112.04 | OK | |||
r-devel-windows-x86_64 | 0.4.0 | 7.00 | 82.00 | 89.00 | OK | |
r-patched-linux-x86_64 | 0.4.0 | 5.53 | 64.41 | 69.94 | OK | |
r-release-linux-x86_64 | OK | |||||
r-release-macos-arm64 | 0.4.0 | 37.00 | OK | |||
r-release-macos-x86_64 | 0.4.0 | 97.00 | OK | |||
r-release-windows-x86_64 | 0.4.0 | 6.00 | 83.00 | 89.00 | OK | |
r-oldrel-macos-arm64 | 0.4.0 | 44.00 | OK | |||
r-oldrel-macos-x86_64 | 0.4.0 | 77.00 | OK | |||
r-oldrel-windows-x86_64 | 0.4.0 | 8.00 | 100.00 | 108.00 | OK |
Version: 0.4.0
Check: examples
Result: NOTE
Examples with CPU (user + system) or elapsed time > 5s
user system elapsed
grouped_tbl_pivot_wider 6.066 0.186 7.389
Flavor: r-devel-linux-x86_64-debian-clang