Last updated on 2025-05-03 03:51:59 CEST.
Flavor | Version | Tinstall | Tcheck | Ttotal | Status | Flags |
---|---|---|---|---|---|---|
r-devel-linux-x86_64-debian-clang | 0.1-5 | 2.55 | 22.01 | 24.56 | NOTE | |
r-devel-linux-x86_64-debian-gcc | 0.1-5 | 1.87 | 17.81 | 19.68 | NOTE | |
r-devel-linux-x86_64-fedora-clang | 0.1-5 | 39.41 | OK | |||
r-devel-linux-x86_64-fedora-gcc | 0.1-5 | 38.11 | OK | |||
r-devel-windows-x86_64 | 0.1-5 | 4.00 | 47.00 | 51.00 | OK | |
r-patched-linux-x86_64 | 0.1-5 | 2.48 | 21.54 | 24.02 | OK | |
r-release-linux-x86_64 | OK | |||||
r-release-macos-arm64 | 0.1-5 | 16.00 | OK | |||
r-release-macos-x86_64 | 0.1-5 | 26.00 | OK | |||
r-release-windows-x86_64 | 0.1-5 | 3.00 | 43.00 | 46.00 | OK | |
r-oldrel-macos-arm64 | 0.1-5 | 14.00 | OK | |||
r-oldrel-macos-x86_64 | 0.1-5 | 22.00 | OK | |||
r-oldrel-windows-x86_64 | 0.1-5 | 4.00 | 45.00 | 49.00 | OK |
Version: 0.1-5
Check: CRAN incoming feasibility
Result: NOTE
Maintainer: ‘Olivier Briet <o.briet@gmail.com>’
No Authors@R field in DESCRIPTION.
Please add one, modifying
Authors@R: person(given = "Olivier",
family = "Briet",
role = c("aut", "cre"),
email = "o.briet@gmail.com")
as necessary.
Flavors: r-devel-linux-x86_64-debian-clang, r-devel-linux-x86_64-debian-gcc